{"id":15198,"date":"2022-05-07T12:35:00","date_gmt":"2022-05-07T11:35:00","guid":{"rendered":"https:\/\/nautilus.se\/?page_id=15198"},"modified":"2026-03-14T14:52:22","modified_gmt":"2026-03-14T12:52:22","slug":"vara-hamnar","status":"publish","type":"page","link":"https:\/\/nautilus.se\/eng\/vara-hamnar\/","title":{"rendered":"Our harbors"},"content":{"rendered":"<div data-elementor-type=\"wp-page\" data-elementor-id=\"15198\" class=\"elementor elementor-15198\" data-elementor-post-type=\"page\">\n\t\t\t\t\t\t<section class=\"elementor-section elementor-top-section elementor-element elementor-element-5166bf2 elementor-section-boxed elementor-section-height-default elementor-section-height-default\" data-id=\"5166bf2\" data-element_type=\"section\" data-e-type=\"section\">\n\t\t\t\t\t\t<div class=\"elementor-container elementor-column-gap-no\">\n\t\t\t\t\t<div class=\"elementor-column elementor-col-100 elementor-top-column elementor-element elementor-element-d7baced\" data-id=\"d7baced\" data-element_type=\"column\" data-e-type=\"column\">\n\t\t\t<div class=\"elementor-widget-wrap elementor-element-populated\">\n\t\t\t\t\t\t<div class=\"elementor-element elementor-element-0e86e20 elementor-position-top elementor-widget elementor-widget-image-box\" data-id=\"0e86e20\" data-element_type=\"widget\" data-e-type=\"widget\" data-widget_type=\"image-box.default\">\n\t\t\t\t<div class=\"elementor-widget-container\">\n\t\t\t\t\t<div class=\"elementor-image-box-wrapper\"><figure class=\"elementor-image-box-img\"><img fetchpriority=\"high\" decoding=\"async\" width=\"2306\" height=\"1536\" src=\"https:\/\/nautilus.se\/wp-content\/uploads\/2022\/05\/Kattholmen_oversikt_allmanheten.jpg\" class=\"attachment-full size-full wp-image-15226\" alt=\"Kattholmen_\u00f6versikt_allm\u00e4nheten\" srcset=\"https:\/\/nautilus.se\/wp-content\/uploads\/2022\/05\/Kattholmen_oversikt_allmanheten.jpg 2306w, https:\/\/nautilus.se\/wp-content\/uploads\/2022\/05\/Kattholmen_oversikt_allmanheten-600x400.jpg 600w, https:\/\/nautilus.se\/wp-content\/uploads\/2022\/05\/Kattholmen_oversikt_allmanheten-300x200.jpg 300w, https:\/\/nautilus.se\/wp-content\/uploads\/2022\/05\/Kattholmen_oversikt_allmanheten-1024x682.jpg 1024w, https:\/\/nautilus.se\/wp-content\/uploads\/2022\/05\/Kattholmen_oversikt_allmanheten-768x512.jpg 768w, https:\/\/nautilus.se\/wp-content\/uploads\/2022\/05\/Kattholmen_oversikt_allmanheten-1536x1023.jpg 1536w, https:\/\/nautilus.se\/wp-content\/uploads\/2022\/05\/Kattholmen_oversikt_allmanheten-2048x1364.jpg 2048w, https:\/\/nautilus.se\/wp-content\/uploads\/2022\/05\/Kattholmen_oversikt_allmanheten-2000x1332.jpg 2000w, https:\/\/nautilus.se\/wp-content\/uploads\/2022\/05\/Kattholmen_oversikt_allmanheten-1000x666.jpg 1000w, https:\/\/nautilus.se\/wp-content\/uploads\/2022\/05\/Kattholmen_oversikt_allmanheten-1800x1199.jpg 1800w, https:\/\/nautilus.se\/wp-content\/uploads\/2022\/05\/Kattholmen_oversikt_allmanheten-841x560.jpg 841w\" sizes=\"(max-width: 2306px) 100vw, 2306px\" \/><\/figure><div class=\"elementor-image-box-content\"><h4 class=\"elementor-image-box-title\">Kattholmen Gustavsberg<\/h4><p class=\"elementor-image-box-description\">Nautilus hemmahamn. H\u00e4r finns b\u00e5tar f\u00f6r medlemmar och att hyra utan medlemskap. Bastu, vattenskoter och st\u00e4dtj\u00e4nst. V\u00e5ra b\u00e5tar ligger p\u00e5 g\u00e4sthamnens bryggor. D\u00e4rf\u00f6r inte p\u00e5 fasta platser.\nP\u00e5 marinan finns Nautilus kontor, toalett, duschar, soprum, parkering och restauranger.\n<\/p><\/div><\/div>\t\t\t\t<\/div>\n\t\t\t\t<\/div>\n\t\t\t\t<div class=\"elementor-element elementor-element-5cf8388 elementor-widget elementor-widget-text-editor\" data-id=\"5cf8388\" data-element_type=\"widget\" data-e-type=\"widget\" data-widget_type=\"text-editor.default\">\n\t\t\t\t<div class=\"elementor-widget-container\">\n\t\t\t\t\t\t\t\t\t<p>Parkering finns p\u00e5 Kattholmen (4h), vid Gustavsbergs bibliotek (16h), p\u00e5 Kattholmens varvsomr\u00e5de (sommartid) med P-tillst\u00e5nd (f\u00e5s p\u00e5 Nautilus kontor).<\/p>\n<p>Kod toaletter\/duschar: 6716<br>Kod soprum: *753159*<br>N\u00e4rmaste sj\u00f6mack \u00e4r Saltsj\u00f6baden.<\/p>\t\t\t\t\t\t\t\t<\/div>\n\t\t\t\t<\/div>\n\t\t\t\t<div class=\"elementor-element elementor-element-7de20fa elementor-widget elementor-widget-google_maps\" data-id=\"7de20fa\" data-element_type=\"widget\" data-e-type=\"widget\" data-widget_type=\"google_maps.default\">\n\t\t\t\t<div class=\"elementor-widget-container\">\n\t\t\t\t\t\t\t<div class=\"elementor-custom-embed\">\n\t\t\t<iframe loading=\"lazy\"\n\t\t\t\t\tsrc=\"https:\/\/maps.google.com\/maps?q=nautilus%20boat%20club&#038;t=m&#038;z=11&#038;output=embed&#038;iwloc=near\"\n\t\t\t\t\ttitle=\"nautilus boat club\"\n\t\t\t\t\taria-label=\"nautilus boat club\"\n\t\t\t><\/iframe>\n\t\t<\/div>\n\t\t\t\t\t\t<\/div>\n\t\t\t\t<\/div>\n\t\t\t\t\t<\/div>\n\t\t<\/div>\n\t\t\t\t\t<\/div>\n\t\t<\/section>\n\t\t\t\t<section class=\"elementor-section elementor-top-section elementor-element elementor-element-5e27323 elementor-section-boxed elementor-section-height-default elementor-section-height-default\" data-id=\"5e27323\" data-element_type=\"section\" data-e-type=\"section\">\n\t\t\t\t\t\t<div class=\"elementor-container elementor-column-gap-default\">\n\t\t\t\t\t<div class=\"elementor-column elementor-col-100 elementor-top-column elementor-element elementor-element-cf01d0f\" data-id=\"cf01d0f\" data-element_type=\"column\" data-e-type=\"column\">\n\t\t\t<div class=\"elementor-widget-wrap elementor-element-populated\">\n\t\t\t\t\t\t<div class=\"elementor-element elementor-element-131d977 elementor-widget-divider--view-line elementor-widget elementor-widget-divider\" data-id=\"131d977\" data-element_type=\"widget\" data-e-type=\"widget\" data-widget_type=\"divider.default\">\n\t\t\t\t<div class=\"elementor-widget-container\">\n\t\t\t\t\t\t\t<div class=\"elementor-divider\">\n\t\t\t<span class=\"elementor-divider-separator\">\n\t\t\t\t\t\t<\/span>\n\t\t<\/div>\n\t\t\t\t\t\t<\/div>\n\t\t\t\t<\/div>\n\t\t\t\t\t<\/div>\n\t\t<\/div>\n\t\t\t\t\t<\/div>\n\t\t<\/section>\n\t\t\t\t<section class=\"elementor-section elementor-top-section elementor-element elementor-element-4df9db6 elementor-section-boxed elementor-section-height-default elementor-section-height-default\" data-id=\"4df9db6\" data-element_type=\"section\" data-e-type=\"section\">\n\t\t\t\t\t\t<div class=\"elementor-container elementor-column-gap-default\">\n\t\t\t\t\t<div class=\"elementor-column elementor-col-100 elementor-top-column elementor-element elementor-element-cad2155\" data-id=\"cad2155\" data-element_type=\"column\" data-e-type=\"column\">\n\t\t\t<div class=\"elementor-widget-wrap elementor-element-populated\">\n\t\t\t\t\t\t<div class=\"elementor-element elementor-element-385b840 elementor-position-top elementor-widget elementor-widget-image-box\" data-id=\"385b840\" data-element_type=\"widget\" data-e-type=\"widget\" data-widget_type=\"image-box.default\">\n\t\t\t\t<div class=\"elementor-widget-container\">\n\t\t\t\t\t<div class=\"elementor-image-box-wrapper\"><figure class=\"elementor-image-box-img\"><img decoding=\"async\" width=\"1200\" height=\"800\" src=\"https:\/\/nautilus.se\/wp-content\/uploads\/2024\/03\/Bullando-marina.jpg\" class=\"attachment-full size-full wp-image-25009\" alt=\"\" srcset=\"https:\/\/nautilus.se\/wp-content\/uploads\/2024\/03\/Bullando-marina.jpg 1200w, https:\/\/nautilus.se\/wp-content\/uploads\/2024\/03\/Bullando-marina-600x400.jpg 600w, https:\/\/nautilus.se\/wp-content\/uploads\/2024\/03\/Bullando-marina-300x200.jpg 300w, https:\/\/nautilus.se\/wp-content\/uploads\/2024\/03\/Bullando-marina-1024x683.jpg 1024w, https:\/\/nautilus.se\/wp-content\/uploads\/2024\/03\/Bullando-marina-768x512.jpg 768w, https:\/\/nautilus.se\/wp-content\/uploads\/2024\/03\/Bullando-marina-18x12.jpg 18w, https:\/\/nautilus.se\/wp-content\/uploads\/2024\/03\/Bullando-marina-1000x667.jpg 1000w, https:\/\/nautilus.se\/wp-content\/uploads\/2024\/03\/Bullando-marina-840x560.jpg 840w\" sizes=\"(max-width: 1200px) 100vw, 1200px\" \/><\/figure><div class=\"elementor-image-box-content\"><h4 class=\"elementor-image-box-title\">Bulland\u00f6 marina<\/h4><p class=\"elementor-image-box-description\">Bemannad Nautilus-hamn. H\u00e4r finns b\u00e5tar f\u00f6r medlemmar och att hyra utan medlemskap. V\u00e5ra b\u00e5tar ligger p\u00e5 brygga E. \nP\u00e5 marinan finns Nautilus kontor, toalett, duschar, soprum, parkering och restauranger.<\/p><\/div><\/div>\t\t\t\t<\/div>\n\t\t\t\t<\/div>\n\t\t\t\t<div class=\"elementor-element elementor-element-ff88926 elementor-widget elementor-widget-text-editor\" data-id=\"ff88926\" data-element_type=\"widget\" data-e-type=\"widget\" data-widget_type=\"text-editor.default\">\n\t\t\t\t<div class=\"elementor-widget-container\">\n\t\t\t\t\t\t\t\t\t<p>Parkering med Swish-betalning.\u00a0<br \/>Milj\u00f6station i huset innan &#8221;Head office&#8221;.\u00a0<\/p><p>Kod toaletter: 1658<br \/>Kod grind: 3289<\/p><p>Sj\u00f6mack finns p\u00e5 marinan.<\/p>\t\t\t\t\t\t\t\t<\/div>\n\t\t\t\t<\/div>\n\t\t\t\t<div class=\"elementor-element elementor-element-8010368 elementor-widget elementor-widget-google_maps\" data-id=\"8010368\" data-element_type=\"widget\" data-e-type=\"widget\" data-widget_type=\"google_maps.default\">\n\t\t\t\t<div class=\"elementor-widget-container\">\n\t\t\t\t\t\t\t<div class=\"elementor-custom-embed\">\n\t\t\t<iframe loading=\"lazy\"\n\t\t\t\t\tsrc=\"https:\/\/maps.google.com\/maps?q=Bulland%C3%B6%20Marina&#038;t=m&#038;z=10&#038;output=embed&#038;iwloc=near\"\n\t\t\t\t\ttitle=\"Bulland\u00f6 Marina\"\n\t\t\t\t\taria-label=\"Bulland\u00f6 Marina\"\n\t\t\t><\/iframe>\n\t\t<\/div>\n\t\t\t\t\t\t<\/div>\n\t\t\t\t<\/div>\n\t\t\t\t\t<\/div>\n\t\t<\/div>\n\t\t\t\t\t<\/div>\n\t\t<\/section>\n\t\t\t\t<section class=\"elementor-section elementor-top-section elementor-element elementor-element-0d77f42 elementor-section-boxed elementor-section-height-default elementor-section-height-default\" data-id=\"0d77f42\" data-element_type=\"section\" data-e-type=\"section\">\n\t\t\t\t\t\t<div class=\"elementor-container elementor-column-gap-default\">\n\t\t\t\t\t<div class=\"elementor-column elementor-col-100 elementor-top-column elementor-element elementor-element-d67e393\" data-id=\"d67e393\" data-element_type=\"column\" data-e-type=\"column\">\n\t\t\t<div class=\"elementor-widget-wrap elementor-element-populated\">\n\t\t\t\t\t\t<div class=\"elementor-element elementor-element-b7a6913 elementor-widget-divider--view-line elementor-widget elementor-widget-divider\" data-id=\"b7a6913\" data-element_type=\"widget\" data-e-type=\"widget\" data-widget_type=\"divider.default\">\n\t\t\t\t<div class=\"elementor-widget-container\">\n\t\t\t\t\t\t\t<div class=\"elementor-divider\">\n\t\t\t<span class=\"elementor-divider-separator\">\n\t\t\t\t\t\t<\/span>\n\t\t<\/div>\n\t\t\t\t\t\t<\/div>\n\t\t\t\t<\/div>\n\t\t\t\t\t<\/div>\n\t\t<\/div>\n\t\t\t\t\t<\/div>\n\t\t<\/section>\n\t\t\t\t<\/div>","protected":false},"excerpt":{"rendered":"<p>Kattholmen Gustavsberg Nautilus hemmahamn. H\u00e4r finns b\u00e5tar f\u00f6r medlemmar och att hyra utan medlemskap. Bastu, vattenskoter och st\u00e4dtj\u00e4nst. V\u00e5ra b\u00e5tar ligger p\u00e5 g\u00e4sthamnens bryggor. D\u00e4rf\u00f6r inte p\u00e5 fasta platser. P\u00e5 marinan finns Nautilus kontor, toalett, duschar, soprum, parkering och restauranger. Parkering finns p\u00e5 Kattholmen (4h), vid Gustavsbergs bibliotek (16h), p\u00e5 [&hellip;]<\/p>\n","protected":false},"author":21,"featured_media":0,"parent":0,"menu_order":0,"comment_status":"closed","ping_status":"closed","template":"page-templates\/full-width-no-title.php","meta":{"inspiro_page_layout":"narrow","inspiro_hide_title":false,"footnotes":""},"class_list":["post-15198","page","type-page","status-publish","hentry"],"yoast_head":"<!-- This site is optimized with the Yoast SEO Premium plugin v27.4 (Yoast SEO v27.5) - https:\/\/yoast.com\/product\/yoast-seo-premium-wordpress\/ -->\n<title>V\u00e5ra hamnar |<\/title>\n<meta name=\"robots\" content=\"index, follow, max-snippet:-1, max-image-preview:large, max-video-preview:-1\" \/>\n<link rel=\"canonical\" href=\"https:\/\/nautilus.se\/eng\/vara-hamnar\/\" \/>\n<meta property=\"og:locale\" content=\"en_US\" \/>\n<meta property=\"og:type\" content=\"article\" \/>\n<meta property=\"og:title\" content=\"V\u00e5ra hamnar\" \/>\n<meta property=\"og:description\" content=\"Kattholmen Gustavsberg Nautilus hemmahamn. H\u00e4r finns b\u00e5tar f\u00f6r medlemmar och att hyra utan medlemskap. Bastu, vattenskoter och st\u00e4dtj\u00e4nst. V\u00e5ra b\u00e5tar ligger p\u00e5 g\u00e4sthamnens bryggor. D\u00e4rf\u00f6r inte p\u00e5 fasta platser. P\u00e5 marinan finns Nautilus kontor, toalett, duschar, soprum, parkering och restauranger. Parkering finns p\u00e5 Kattholmen (4h), vid Gustavsbergs bibliotek (16h), p\u00e5 [&hellip;]\" \/>\n<meta property=\"og:url\" content=\"https:\/\/nautilus.se\/eng\/vara-hamnar\/\" \/>\n<meta property=\"og:site_name\" content=\"Nautilus Boat Club\" \/>\n<meta property=\"article:publisher\" content=\"https:\/\/www.facebook.com\/nautilusboatclub\/\" \/>\n<meta property=\"article:modified_time\" content=\"2026-03-14T12:52:22+00:00\" \/>\n<meta property=\"og:image\" content=\"https:\/\/nautilus.se\/wp-content\/uploads\/2022\/05\/Kattholmen_oversikt_allmanheten-1024x682.jpg\" \/>\n\t<meta property=\"og:image:width\" content=\"1024\" \/>\n\t<meta property=\"og:image:height\" content=\"682\" \/>\n\t<meta property=\"og:image:type\" content=\"image\/jpeg\" \/>\n<meta name=\"twitter:card\" content=\"summary_large_image\" \/>\n<meta name=\"twitter:label1\" content=\"Est. reading time\" \/>\n\t<meta name=\"twitter:data1\" content=\"1 minute\" \/>\n<script type=\"application\/ld+json\" class=\"yoast-schema-graph\">{\"@context\":\"https:\\\/\\\/schema.org\",\"@graph\":[{\"@type\":\"WebPage\",\"@id\":\"https:\\\/\\\/nautilus.se\\\/vara-hamnar\\\/\",\"url\":\"https:\\\/\\\/nautilus.se\\\/vara-hamnar\\\/\",\"name\":\"V\u00e5ra hamnar |\",\"isPartOf\":{\"@id\":\"https:\\\/\\\/nautilus.se\\\/#website\"},\"primaryImageOfPage\":{\"@id\":\"https:\\\/\\\/nautilus.se\\\/vara-hamnar\\\/#primaryimage\"},\"image\":{\"@id\":\"https:\\\/\\\/nautilus.se\\\/vara-hamnar\\\/#primaryimage\"},\"thumbnailUrl\":\"https:\\\/\\\/nautilus.se\\\/wp-content\\\/uploads\\\/2022\\\/05\\\/Kattholmen_oversikt_allmanheten.jpg\",\"datePublished\":\"2022-05-07T11:35:00+00:00\",\"dateModified\":\"2026-03-14T12:52:22+00:00\",\"breadcrumb\":{\"@id\":\"https:\\\/\\\/nautilus.se\\\/vara-hamnar\\\/#breadcrumb\"},\"inLanguage\":\"en-US\",\"potentialAction\":[{\"@type\":\"ReadAction\",\"target\":[\"https:\\\/\\\/nautilus.se\\\/vara-hamnar\\\/\"]}]},{\"@type\":\"ImageObject\",\"inLanguage\":\"en-US\",\"@id\":\"https:\\\/\\\/nautilus.se\\\/vara-hamnar\\\/#primaryimage\",\"url\":\"https:\\\/\\\/nautilus.se\\\/wp-content\\\/uploads\\\/2022\\\/05\\\/Kattholmen_oversikt_allmanheten.jpg\",\"contentUrl\":\"https:\\\/\\\/nautilus.se\\\/wp-content\\\/uploads\\\/2022\\\/05\\\/Kattholmen_oversikt_allmanheten.jpg\"},{\"@type\":\"BreadcrumbList\",\"@id\":\"https:\\\/\\\/nautilus.se\\\/vara-hamnar\\\/#breadcrumb\",\"itemListElement\":[{\"@type\":\"ListItem\",\"position\":1,\"name\":\"Home\",\"item\":\"https:\\\/\\\/nautilus.se\\\/\"},{\"@type\":\"ListItem\",\"position\":2,\"name\":\"V\u00e5ra hamnar\"}]},{\"@type\":\"WebSite\",\"@id\":\"https:\\\/\\\/nautilus.se\\\/#website\",\"url\":\"https:\\\/\\\/nautilus.se\\\/\",\"name\":\"Nautilus Boat Club\",\"description\":\"H\u00e4r kan du hyra b\u00e5t, dela b\u00e5t, del\u00e4ga b\u00e5t och vara med i b\u00e5tpool.\",\"publisher\":{\"@id\":\"https:\\\/\\\/nautilus.se\\\/#organization\"},\"potentialAction\":[{\"@type\":\"SearchAction\",\"target\":{\"@type\":\"EntryPoint\",\"urlTemplate\":\"https:\\\/\\\/nautilus.se\\\/?s={search_term_string}\"},\"query-input\":{\"@type\":\"PropertyValueSpecification\",\"valueRequired\":true,\"valueName\":\"search_term_string\"}}],\"inLanguage\":\"en-US\"},{\"@type\":\"Organization\",\"@id\":\"https:\\\/\\\/nautilus.se\\\/#organization\",\"name\":\"Nautilus Boat Club AB\",\"alternateName\":\"Nautilus Boat Club\",\"url\":\"https:\\\/\\\/nautilus.se\\\/\",\"logo\":{\"@type\":\"ImageObject\",\"inLanguage\":\"en-US\",\"@id\":\"https:\\\/\\\/nautilus.se\\\/#\\\/schema\\\/logo\\\/image\\\/\",\"url\":\"https:\\\/\\\/nautilus.se\\\/wp-content\\\/uploads\\\/2022\\\/10\\\/Nautilus-shell-blue-back-w-logo.png\",\"contentUrl\":\"https:\\\/\\\/nautilus.se\\\/wp-content\\\/uploads\\\/2022\\\/10\\\/Nautilus-shell-blue-back-w-logo.png\",\"width\":1755,\"height\":1130,\"caption\":\"Nautilus Boat Club AB\"},\"image\":{\"@id\":\"https:\\\/\\\/nautilus.se\\\/#\\\/schema\\\/logo\\\/image\\\/\"},\"sameAs\":[\"https:\\\/\\\/www.facebook.com\\\/nautilusboatclub\\\/\",\"https:\\\/\\\/www.instagram.com\\\/nautilusboatclub\\\/\",\"https:\\\/\\\/www.linkedin.com\\\/company\\\/4998214\\\/admin\\\/\",\"https:\\\/\\\/www.youtube.com\\\/channel\\\/UCrhrs3yv-t72B5igMm2keKQ\\\/videos?app=desktop\"]}]}<\/script>\n<!-- \/ Yoast SEO Premium plugin. -->","yoast_head_json":{"title":"V\u00e5ra hamnar |","robots":{"index":"index","follow":"follow","max-snippet":"max-snippet:-1","max-image-preview":"max-image-preview:large","max-video-preview":"max-video-preview:-1"},"canonical":"https:\/\/nautilus.se\/eng\/vara-hamnar\/","og_locale":"en_US","og_type":"article","og_title":"V\u00e5ra hamnar","og_description":"Kattholmen Gustavsberg Nautilus hemmahamn. H\u00e4r finns b\u00e5tar f\u00f6r medlemmar och att hyra utan medlemskap. Bastu, vattenskoter och st\u00e4dtj\u00e4nst. V\u00e5ra b\u00e5tar ligger p\u00e5 g\u00e4sthamnens bryggor. D\u00e4rf\u00f6r inte p\u00e5 fasta platser. P\u00e5 marinan finns Nautilus kontor, toalett, duschar, soprum, parkering och restauranger. Parkering finns p\u00e5 Kattholmen (4h), vid Gustavsbergs bibliotek (16h), p\u00e5 [&hellip;]","og_url":"https:\/\/nautilus.se\/eng\/vara-hamnar\/","og_site_name":"Nautilus Boat Club","article_publisher":"https:\/\/www.facebook.com\/nautilusboatclub\/","article_modified_time":"2026-03-14T12:52:22+00:00","og_image":[{"width":1024,"height":682,"url":"https:\/\/nautilus.se\/wp-content\/uploads\/2022\/05\/Kattholmen_oversikt_allmanheten-1024x682.jpg","type":"image\/jpeg"}],"twitter_card":"summary_large_image","twitter_misc":{"Est. reading time":"1 minute"},"schema":{"@context":"https:\/\/schema.org","@graph":[{"@type":"WebPage","@id":"https:\/\/nautilus.se\/vara-hamnar\/","url":"https:\/\/nautilus.se\/vara-hamnar\/","name":"V\u00e5ra hamnar |","isPartOf":{"@id":"https:\/\/nautilus.se\/#website"},"primaryImageOfPage":{"@id":"https:\/\/nautilus.se\/vara-hamnar\/#primaryimage"},"image":{"@id":"https:\/\/nautilus.se\/vara-hamnar\/#primaryimage"},"thumbnailUrl":"https:\/\/nautilus.se\/wp-content\/uploads\/2022\/05\/Kattholmen_oversikt_allmanheten.jpg","datePublished":"2022-05-07T11:35:00+00:00","dateModified":"2026-03-14T12:52:22+00:00","breadcrumb":{"@id":"https:\/\/nautilus.se\/vara-hamnar\/#breadcrumb"},"inLanguage":"en-US","potentialAction":[{"@type":"ReadAction","target":["https:\/\/nautilus.se\/vara-hamnar\/"]}]},{"@type":"ImageObject","inLanguage":"en-US","@id":"https:\/\/nautilus.se\/vara-hamnar\/#primaryimage","url":"https:\/\/nautilus.se\/wp-content\/uploads\/2022\/05\/Kattholmen_oversikt_allmanheten.jpg","contentUrl":"https:\/\/nautilus.se\/wp-content\/uploads\/2022\/05\/Kattholmen_oversikt_allmanheten.jpg"},{"@type":"BreadcrumbList","@id":"https:\/\/nautilus.se\/vara-hamnar\/#breadcrumb","itemListElement":[{"@type":"ListItem","position":1,"name":"Home","item":"https:\/\/nautilus.se\/"},{"@type":"ListItem","position":2,"name":"V\u00e5ra hamnar"}]},{"@type":"WebSite","@id":"https:\/\/nautilus.se\/#website","url":"https:\/\/nautilus.se\/","name":"Nautilus Boat Club","description":"H\u00e4r kan du hyra b\u00e5t, dela b\u00e5t, del\u00e4ga b\u00e5t och vara med i b\u00e5tpool.","publisher":{"@id":"https:\/\/nautilus.se\/#organization"},"potentialAction":[{"@type":"SearchAction","target":{"@type":"EntryPoint","urlTemplate":"https:\/\/nautilus.se\/?s={search_term_string}"},"query-input":{"@type":"PropertyValueSpecification","valueRequired":true,"valueName":"search_term_string"}}],"inLanguage":"en-US"},{"@type":"Organization","@id":"https:\/\/nautilus.se\/#organization","name":"Nautilus Boat Club AB","alternateName":"Nautilus Boat Club","url":"https:\/\/nautilus.se\/","logo":{"@type":"ImageObject","inLanguage":"en-US","@id":"https:\/\/nautilus.se\/#\/schema\/logo\/image\/","url":"https:\/\/nautilus.se\/wp-content\/uploads\/2022\/10\/Nautilus-shell-blue-back-w-logo.png","contentUrl":"https:\/\/nautilus.se\/wp-content\/uploads\/2022\/10\/Nautilus-shell-blue-back-w-logo.png","width":1755,"height":1130,"caption":"Nautilus Boat Club AB"},"image":{"@id":"https:\/\/nautilus.se\/#\/schema\/logo\/image\/"},"sameAs":["https:\/\/www.facebook.com\/nautilusboatclub\/","https:\/\/www.instagram.com\/nautilusboatclub\/","https:\/\/www.linkedin.com\/company\/4998214\/admin\/","https:\/\/www.youtube.com\/channel\/UCrhrs3yv-t72B5igMm2keKQ\/videos?app=desktop"]}]}},"_links":{"self":[{"href":"https:\/\/nautilus.se\/eng\/wp-json\/wp\/v2\/pages\/15198","targetHints":{"allow":["GET"]}}],"collection":[{"href":"https:\/\/nautilus.se\/eng\/wp-json\/wp\/v2\/pages"}],"about":[{"href":"https:\/\/nautilus.se\/eng\/wp-json\/wp\/v2\/types\/page"}],"author":[{"embeddable":true,"href":"https:\/\/nautilus.se\/eng\/wp-json\/wp\/v2\/users\/21"}],"replies":[{"embeddable":true,"href":"https:\/\/nautilus.se\/eng\/wp-json\/wp\/v2\/comments?post=15198"}],"version-history":[{"count":95,"href":"https:\/\/nautilus.se\/eng\/wp-json\/wp\/v2\/pages\/15198\/revisions"}],"predecessor-version":[{"id":32474,"href":"https:\/\/nautilus.se\/eng\/wp-json\/wp\/v2\/pages\/15198\/revisions\/32474"}],"wp:attachment":[{"href":"https:\/\/nautilus.se\/eng\/wp-json\/wp\/v2\/media?parent=15198"}],"curies":[{"name":"wp","href":"https:\/\/api.w.org\/{rel}","templated":true}]}}