{"id":20807,"date":"2023-02-27T16:02:33","date_gmt":"2023-02-27T15:02:33","guid":{"rendered":"https:\/\/nautilus.se\/?page_id=20807"},"modified":"2023-03-16T10:50:57","modified_gmt":"2023-03-16T09:50:57","slug":"verktyg-och-reservdelar","status":"publish","type":"page","link":"https:\/\/nautilus.se\/eng\/verktyg-och-reservdelar\/","title":{"rendered":"Verktyg och reservdelar"},"content":{"rendered":"<div data-elementor-type=\"wp-page\" data-elementor-id=\"20807\" class=\"elementor elementor-20807\" data-elementor-post-type=\"page\">\n\t\t\t\t\t\t<section class=\"elementor-section elementor-top-section elementor-element elementor-element-7ce4f3b elementor-section-boxed elementor-section-height-default elementor-section-height-default\" data-id=\"7ce4f3b\" data-element_type=\"section\" data-e-type=\"section\">\n\t\t\t\t\t\t<div class=\"elementor-container elementor-column-gap-default\">\n\t\t\t\t\t<div class=\"elementor-column elementor-col-100 elementor-top-column elementor-element elementor-element-5f95852\" data-id=\"5f95852\" data-element_type=\"column\" data-e-type=\"column\">\n\t\t\t<div class=\"elementor-widget-wrap elementor-element-populated\">\n\t\t\t\t\t\t<div class=\"elementor-element elementor-element-b3fe8e8 elementor-widget elementor-widget-text-editor\" data-id=\"b3fe8e8\" data-element_type=\"widget\" data-e-type=\"widget\" data-widget_type=\"text-editor.default\">\n\t\t\t\t<div class=\"elementor-widget-container\">\n\t\t\t\t\t\t\t\t\t<p>R\u00e4tt verktyg p\u00e5 r\u00e4tt st\u00e4lle l\u00e5ter enkelt, men det \u00e4r l\u00e4tt att gl\u00f6mma n\u00e5gon detalj vare sig man \u00e4r nybliven eller rutinerad b\u00e5t\u00e4gare. Inf\u00f6r rustning av din b\u00e5t beh\u00f6ver du g\u00e5 igenom din verktygsl\u00e5da. Det \u00e4r viktigt att du har r\u00e4tt verktyg, reservdelar och f\u00f6rbrukningsmaterial b\u00e5de hemmavid och i b\u00e5ten.<\/p><p><strong>Tips!<\/strong>\u00a0F\u00f6r din egen trygghet. F\u00f6rvara hela eller delar av verktygsl\u00e5dan i b\u00e5ten som beredskap ifall n\u00e5got fel skulle uppst\u00e5 till sj\u00f6ss.<\/p><p>H\u00e4r f\u00f6ljer tips p\u00e5 utrustning till din verktygsl\u00e5da:<\/p><h2>Verktyg<\/h2><p>De viktigaste verktygen som en verktygsl\u00e5da b\u00f6r inneh\u00e5lla \u00e4r:<\/p><ul><li>Hylsnyckelsats<\/li><li>Blocknycklar<\/li><li>Skruv- och kryssmejslar i olika storlekar<\/li><li>Vass kniv<\/li><li>Avbitart\u00e5ng<\/li><li>Polygrip<\/li><li>Skiftnyckel<\/li><\/ul><h2>Reservdelar<\/h2><p>Viktiga reservdelar som b\u00f6r finnas ombord \u00e4r:<\/p><ul><li>Br\u00e4nslefilter<\/li><li>Impellrar till sj\u00f6vattenpumpen<\/li><li>Drivremmar till generatorn<\/li><li>Reservpropeller<\/li><\/ul><h2>F\u00f6rbrukningsmaterial<\/h2><p>Du b\u00f6r \u00e4ven k\u00f6pa en upps\u00e4ttning f\u00f6rbrukningsmaterial enligt nedan:<\/p><ul><li>Fett resp. olja till sm\u00f6rjning<\/li><li>Olja till motorn<\/li><li>Batterivatten, slangkl\u00e4mmor<\/li><li>Silvertejp<\/li><li>Eltejp<\/li><li>Buntband<\/li><li>Reservgl\u00f6dlampor till lanternorna<\/li><li>Kontaktspray (t ex 5-56)<\/li><\/ul><h2>Inf\u00f6r sj\u00f6s\u00e4ttningen av din b\u00e5t<\/h2><p>L\u00e4s mer om vilka f\u00f6rberedelser du b\u00f6r g\u00f6ra p\u00e5 din\u00a0motorb\u00e5t,\u00a0segelb\u00e5t\u00a0samt\u00a0skrovet\u00a0inf\u00f6r sj\u00f6s\u00e4ttningen.<\/p>\t\t\t\t\t\t\t\t<\/div>\n\t\t\t\t<\/div>\n\t\t\t\t\t<\/div>\n\t\t<\/div>\n\t\t\t\t\t<\/div>\n\t\t<\/section>\n\t\t\t\t<\/div>","protected":false},"excerpt":{"rendered":"<p>R\u00e4tt verktyg p\u00e5 r\u00e4tt st\u00e4lle l\u00e5ter enkelt, men det \u00e4r l\u00e4tt att gl\u00f6mma n\u00e5gon detalj vare sig man \u00e4r nybliven eller rutinerad b\u00e5t\u00e4gare. Inf\u00f6r rustning av din b\u00e5t beh\u00f6ver du g\u00e5 igenom din verktygsl\u00e5da. Det \u00e4r viktigt att du har r\u00e4tt verktyg, reservdelar och f\u00f6rbrukningsmaterial b\u00e5de hemmavid och i b\u00e5ten. [&hellip;]<\/p>\n","protected":false},"author":21,"featured_media":0,"parent":0,"menu_order":0,"comment_status":"closed","ping_status":"closed","template":"","meta":{"inspiro_page_layout":"narrow","inspiro_hide_title":false,"footnotes":""},"class_list":["post-20807","page","type-page","status-publish","hentry"],"yoast_head":"<!-- This site is optimized with the Yoast SEO Premium plugin v27.4 (Yoast SEO v27.5) - https:\/\/yoast.com\/product\/yoast-seo-premium-wordpress\/ -->\n<title>Verktyg och reservdelar |<\/title>\n<meta name=\"robots\" content=\"index, follow, max-snippet:-1, max-image-preview:large, max-video-preview:-1\" \/>\n<link rel=\"canonical\" href=\"https:\/\/nautilus.se\/eng\/verktyg-och-reservdelar\/\" \/>\n<meta property=\"og:locale\" content=\"en_US\" \/>\n<meta property=\"og:type\" content=\"article\" \/>\n<meta property=\"og:title\" content=\"Verktyg och reservdelar\" \/>\n<meta property=\"og:description\" content=\"R\u00e4tt verktyg p\u00e5 r\u00e4tt st\u00e4lle l\u00e5ter enkelt, men det \u00e4r l\u00e4tt att gl\u00f6mma n\u00e5gon detalj vare sig man \u00e4r nybliven eller rutinerad b\u00e5t\u00e4gare. Inf\u00f6r rustning av din b\u00e5t beh\u00f6ver du g\u00e5 igenom din verktygsl\u00e5da. Det \u00e4r viktigt att du har r\u00e4tt verktyg, reservdelar och f\u00f6rbrukningsmaterial b\u00e5de hemmavid och i b\u00e5ten. [&hellip;]\" \/>\n<meta property=\"og:url\" content=\"https:\/\/nautilus.se\/eng\/verktyg-och-reservdelar\/\" \/>\n<meta property=\"og:site_name\" content=\"Nautilus Boat Club\" \/>\n<meta property=\"article:publisher\" content=\"https:\/\/www.facebook.com\/nautilusboatclub\/\" \/>\n<meta property=\"article:modified_time\" content=\"2023-03-16T09:50:57+00:00\" \/>\n<meta property=\"og:image\" content=\"https:\/\/nautilus.se\/wp-content\/uploads\/2023\/05\/askeladden-c80b.jpg\" \/>\n\t<meta property=\"og:image:width\" content=\"2560\" \/>\n\t<meta property=\"og:image:height\" content=\"1440\" \/>\n\t<meta property=\"og:image:type\" content=\"image\/jpeg\" \/>\n<meta name=\"twitter:card\" content=\"summary_large_image\" \/>\n<meta name=\"twitter:label1\" content=\"Est. reading time\" \/>\n\t<meta name=\"twitter:data1\" content=\"1 minute\" \/>\n<script type=\"application\/ld+json\" class=\"yoast-schema-graph\">{\"@context\":\"https:\\\/\\\/schema.org\",\"@graph\":[{\"@type\":\"WebPage\",\"@id\":\"https:\\\/\\\/nautilus.se\\\/verktyg-och-reservdelar\\\/\",\"url\":\"https:\\\/\\\/nautilus.se\\\/verktyg-och-reservdelar\\\/\",\"name\":\"Verktyg och reservdelar |\",\"isPartOf\":{\"@id\":\"https:\\\/\\\/nautilus.se\\\/#website\"},\"datePublished\":\"2023-02-27T15:02:33+00:00\",\"dateModified\":\"2023-03-16T09:50:57+00:00\",\"breadcrumb\":{\"@id\":\"https:\\\/\\\/nautilus.se\\\/verktyg-och-reservdelar\\\/#breadcrumb\"},\"inLanguage\":\"en-US\",\"potentialAction\":[{\"@type\":\"ReadAction\",\"target\":[\"https:\\\/\\\/nautilus.se\\\/verktyg-och-reservdelar\\\/\"]}]},{\"@type\":\"BreadcrumbList\",\"@id\":\"https:\\\/\\\/nautilus.se\\\/verktyg-och-reservdelar\\\/#breadcrumb\",\"itemListElement\":[{\"@type\":\"ListItem\",\"position\":1,\"name\":\"Home\",\"item\":\"https:\\\/\\\/nautilus.se\\\/\"},{\"@type\":\"ListItem\",\"position\":2,\"name\":\"Verktyg och reservdelar\"}]},{\"@type\":\"WebSite\",\"@id\":\"https:\\\/\\\/nautilus.se\\\/#website\",\"url\":\"https:\\\/\\\/nautilus.se\\\/\",\"name\":\"Nautilus Boat Club\",\"description\":\"H\u00e4r kan du hyra b\u00e5t, dela b\u00e5t, del\u00e4ga b\u00e5t och vara med i b\u00e5tpool.\",\"publisher\":{\"@id\":\"https:\\\/\\\/nautilus.se\\\/#organization\"},\"potentialAction\":[{\"@type\":\"SearchAction\",\"target\":{\"@type\":\"EntryPoint\",\"urlTemplate\":\"https:\\\/\\\/nautilus.se\\\/?s={search_term_string}\"},\"query-input\":{\"@type\":\"PropertyValueSpecification\",\"valueRequired\":true,\"valueName\":\"search_term_string\"}}],\"inLanguage\":\"en-US\"},{\"@type\":\"Organization\",\"@id\":\"https:\\\/\\\/nautilus.se\\\/#organization\",\"name\":\"Nautilus Boat Club AB\",\"alternateName\":\"Nautilus Boat Club\",\"url\":\"https:\\\/\\\/nautilus.se\\\/\",\"logo\":{\"@type\":\"ImageObject\",\"inLanguage\":\"en-US\",\"@id\":\"https:\\\/\\\/nautilus.se\\\/#\\\/schema\\\/logo\\\/image\\\/\",\"url\":\"https:\\\/\\\/nautilus.se\\\/wp-content\\\/uploads\\\/2022\\\/10\\\/Nautilus-shell-blue-back-w-logo.png\",\"contentUrl\":\"https:\\\/\\\/nautilus.se\\\/wp-content\\\/uploads\\\/2022\\\/10\\\/Nautilus-shell-blue-back-w-logo.png\",\"width\":1755,\"height\":1130,\"caption\":\"Nautilus Boat Club AB\"},\"image\":{\"@id\":\"https:\\\/\\\/nautilus.se\\\/#\\\/schema\\\/logo\\\/image\\\/\"},\"sameAs\":[\"https:\\\/\\\/www.facebook.com\\\/nautilusboatclub\\\/\",\"https:\\\/\\\/www.instagram.com\\\/nautilusboatclub\\\/\",\"https:\\\/\\\/www.linkedin.com\\\/company\\\/4998214\\\/admin\\\/\",\"https:\\\/\\\/www.youtube.com\\\/channel\\\/UCrhrs3yv-t72B5igMm2keKQ\\\/videos?app=desktop\"]}]}<\/script>\n<!-- \/ Yoast SEO Premium plugin. -->","yoast_head_json":{"title":"Verktyg och reservdelar |","robots":{"index":"index","follow":"follow","max-snippet":"max-snippet:-1","max-image-preview":"max-image-preview:large","max-video-preview":"max-video-preview:-1"},"canonical":"https:\/\/nautilus.se\/eng\/verktyg-och-reservdelar\/","og_locale":"en_US","og_type":"article","og_title":"Verktyg och reservdelar","og_description":"R\u00e4tt verktyg p\u00e5 r\u00e4tt st\u00e4lle l\u00e5ter enkelt, men det \u00e4r l\u00e4tt att gl\u00f6mma n\u00e5gon detalj vare sig man \u00e4r nybliven eller rutinerad b\u00e5t\u00e4gare. Inf\u00f6r rustning av din b\u00e5t beh\u00f6ver du g\u00e5 igenom din verktygsl\u00e5da. Det \u00e4r viktigt att du har r\u00e4tt verktyg, reservdelar och f\u00f6rbrukningsmaterial b\u00e5de hemmavid och i b\u00e5ten. [&hellip;]","og_url":"https:\/\/nautilus.se\/eng\/verktyg-och-reservdelar\/","og_site_name":"Nautilus Boat Club","article_publisher":"https:\/\/www.facebook.com\/nautilusboatclub\/","article_modified_time":"2023-03-16T09:50:57+00:00","og_image":[{"width":2560,"height":1440,"url":"https:\/\/nautilus.se\/wp-content\/uploads\/2023\/05\/askeladden-c80b.jpg","type":"image\/jpeg"}],"twitter_card":"summary_large_image","twitter_misc":{"Est. reading time":"1 minute"},"schema":{"@context":"https:\/\/schema.org","@graph":[{"@type":"WebPage","@id":"https:\/\/nautilus.se\/verktyg-och-reservdelar\/","url":"https:\/\/nautilus.se\/verktyg-och-reservdelar\/","name":"Verktyg och reservdelar |","isPartOf":{"@id":"https:\/\/nautilus.se\/#website"},"datePublished":"2023-02-27T15:02:33+00:00","dateModified":"2023-03-16T09:50:57+00:00","breadcrumb":{"@id":"https:\/\/nautilus.se\/verktyg-och-reservdelar\/#breadcrumb"},"inLanguage":"en-US","potentialAction":[{"@type":"ReadAction","target":["https:\/\/nautilus.se\/verktyg-och-reservdelar\/"]}]},{"@type":"BreadcrumbList","@id":"https:\/\/nautilus.se\/verktyg-och-reservdelar\/#breadcrumb","itemListElement":[{"@type":"ListItem","position":1,"name":"Home","item":"https:\/\/nautilus.se\/"},{"@type":"ListItem","position":2,"name":"Verktyg och reservdelar"}]},{"@type":"WebSite","@id":"https:\/\/nautilus.se\/#website","url":"https:\/\/nautilus.se\/","name":"Nautilus Boat Club","description":"H\u00e4r kan du hyra b\u00e5t, dela b\u00e5t, del\u00e4ga b\u00e5t och vara med i b\u00e5tpool.","publisher":{"@id":"https:\/\/nautilus.se\/#organization"},"potentialAction":[{"@type":"SearchAction","target":{"@type":"EntryPoint","urlTemplate":"https:\/\/nautilus.se\/?s={search_term_string}"},"query-input":{"@type":"PropertyValueSpecification","valueRequired":true,"valueName":"search_term_string"}}],"inLanguage":"en-US"},{"@type":"Organization","@id":"https:\/\/nautilus.se\/#organization","name":"Nautilus Boat Club AB","alternateName":"Nautilus Boat Club","url":"https:\/\/nautilus.se\/","logo":{"@type":"ImageObject","inLanguage":"en-US","@id":"https:\/\/nautilus.se\/#\/schema\/logo\/image\/","url":"https:\/\/nautilus.se\/wp-content\/uploads\/2022\/10\/Nautilus-shell-blue-back-w-logo.png","contentUrl":"https:\/\/nautilus.se\/wp-content\/uploads\/2022\/10\/Nautilus-shell-blue-back-w-logo.png","width":1755,"height":1130,"caption":"Nautilus Boat Club AB"},"image":{"@id":"https:\/\/nautilus.se\/#\/schema\/logo\/image\/"},"sameAs":["https:\/\/www.facebook.com\/nautilusboatclub\/","https:\/\/www.instagram.com\/nautilusboatclub\/","https:\/\/www.linkedin.com\/company\/4998214\/admin\/","https:\/\/www.youtube.com\/channel\/UCrhrs3yv-t72B5igMm2keKQ\/videos?app=desktop"]}]}},"_links":{"self":[{"href":"https:\/\/nautilus.se\/eng\/wp-json\/wp\/v2\/pages\/20807","targetHints":{"allow":["GET"]}}],"collection":[{"href":"https:\/\/nautilus.se\/eng\/wp-json\/wp\/v2\/pages"}],"about":[{"href":"https:\/\/nautilus.se\/eng\/wp-json\/wp\/v2\/types\/page"}],"author":[{"embeddable":true,"href":"https:\/\/nautilus.se\/eng\/wp-json\/wp\/v2\/users\/21"}],"replies":[{"embeddable":true,"href":"https:\/\/nautilus.se\/eng\/wp-json\/wp\/v2\/comments?post=20807"}],"version-history":[{"count":4,"href":"https:\/\/nautilus.se\/eng\/wp-json\/wp\/v2\/pages\/20807\/revisions"}],"predecessor-version":[{"id":20811,"href":"https:\/\/nautilus.se\/eng\/wp-json\/wp\/v2\/pages\/20807\/revisions\/20811"}],"wp:attachment":[{"href":"https:\/\/nautilus.se\/eng\/wp-json\/wp\/v2\/media?parent=20807"}],"curies":[{"name":"wp","href":"https:\/\/api.w.org\/{rel}","templated":true}]}}