{"id":20817,"date":"2023-02-27T16:06:47","date_gmt":"2023-02-27T15:06:47","guid":{"rendered":"https:\/\/nautilus.se\/?page_id=20817"},"modified":"2023-03-16T10:51:11","modified_gmt":"2023-03-16T09:51:11","slug":"sparsandare-tracker-soksystem","status":"publish","type":"page","link":"https:\/\/nautilus.se\/eng\/sparsandare-tracker-soksystem\/","title":{"rendered":"Sp\u00e5rs\u00e4ndare, tracker, s\u00f6ksystem"},"content":{"rendered":"<div data-elementor-type=\"wp-page\" data-elementor-id=\"20817\" class=\"elementor elementor-20817\" data-elementor-post-type=\"page\">\n\t\t\t\t\t\t<section class=\"elementor-section elementor-top-section elementor-element elementor-element-9412883 elementor-section-boxed elementor-section-height-default elementor-section-height-default\" data-id=\"9412883\" data-element_type=\"section\" data-e-type=\"section\">\n\t\t\t\t\t\t<div class=\"elementor-container elementor-column-gap-default\">\n\t\t\t\t\t<div class=\"elementor-column elementor-col-100 elementor-top-column elementor-element elementor-element-cc33fef\" data-id=\"cc33fef\" data-element_type=\"column\" data-e-type=\"column\">\n\t\t\t<div class=\"elementor-widget-wrap elementor-element-populated\">\n\t\t\t\t\t\t<div class=\"elementor-element elementor-element-43c19b6 elementor-widget elementor-widget-text-editor\" data-id=\"43c19b6\" data-element_type=\"widget\" data-e-type=\"widget\" data-widget_type=\"text-editor.default\">\n\t\t\t\t<div class=\"elementor-widget-container\">\n\t\t\t\t\t\t\t\t\t<h2>Vad \u00e4r ett s\u00f6ksystem (sp\u00e5rsystem, sp\u00e5rs\u00e4ndare)?<\/h2><p>Idag finns det s\u00f6ksystem som anv\u00e4nder VHF radiopejling, GSM-\u00f6verf\u00f6rda GPS-signaler, pejling av GSM-signaler via GSM-stationer och GPS-signaler \u00f6verf\u00f6rda via satellitmeddelanden. Gemensamt f\u00f6r dem alla \u00e4r begreppet s\u00f6ksystem, det vill s\u00e4ga att de ger m\u00f6jligheten att ta tjuven p\u00e5 bar g\u00e4rning!<\/p><h2>S\u00f6ksystem ger rabatt p\u00e5 din b\u00e5tf\u00f6rs\u00e4kring<\/h2><p>Du f\u00e5r ytterligare premierabatt om du ocks\u00e5 har en, av oss godk\u00e4nd,\u00a0startsp\u00e4rr!<\/p><p>\u00a0<\/p><h2>SSF-godk\u00e4nda s\u00f6ksystem till din b\u00e5t och motor<\/h2><p>St\u00f6ldskyddsf\u00f6reningen har godk\u00e4nt ett antal s\u00f6ksystem, utifr\u00e5n deras framtagna norm, som du kan hitta p\u00e5 deras\u00a0<a title=\"St\u00f6ldskyddsf\u00f6reningen\" href=\"https:\/\/www.stoldskyddsforeningen.se\/privat\/sparsystem\/\" target=\"_blank\" rel=\"noopener\">hemsida<\/a>.<\/p><p>Fyra\u00a0vanliga s\u00f6ksystem:\u00a0<\/p><ul><li><a title=\"ABAX M-track s\u00f6ksystem till b\u00e5t och motor!\" href=\"http:\/\/www.marineprotect.se\/\" target=\"_blank\" rel=\"noopener\">ABAX M-track<\/a><\/li><li><a title=\"MetaTrak s\u00f6ksystem till b\u00e5t och motor!\" href=\"http:\/\/www.metatrak.se\/\" target=\"_blank\" rel=\"noopener\">MetaTrak<\/a><\/li><li><a title=\"NorthTracker s\u00f6ksystem till b\u00e5t och motor!\" href=\"https:\/\/www.northtracker.com\/stoldskydd\/\" target=\"_blank\" rel=\"noopener\">NorthTracker<\/a><\/li><li><a title=\"SpotGuard s\u00f6ksystem till b\u00e5t och motor!\" href=\"http:\/\/guardsystems.se\/produkter\/gs-spotguard\/\" target=\"_blank\" rel=\"noopener\">SpotGuard<\/a><\/li><li><a href=\"https:\/\/smartlogg.se\/\">Smartlogg<\/a><\/li><\/ul><h2>\u00d6vriga godk\u00e4nda s\u00f6ksystem till din b\u00e5t och motor<\/h2><p>Ut\u00f6ver ovann\u00e4mnda s\u00f6ksystem godk\u00e4nner vi \u00e4ven f\u00f6ljande system:<\/p><ul><li><a title=\"Automatrics MTrack s\u00f6ksystem till b\u00e5t och motor!\" href=\"https:\/\/www.trackersecurity.co.uk\/\" target=\"_blank\" rel=\"noopener\">Automatrics MTrack<\/a><\/li><li><a href=\"https:\/\/automile.se\/assets\">Automile<\/a><\/li><li><a title=\"Atlas s\u00f6ksystem till b\u00e5t och motor!\" href=\"http:\/\/www.blue-peter.net\/batalarm-bilalarm-ip6566\/tracker.html\" target=\"_blank\" rel=\"noopener\">Atlas<\/a><\/li><li><a title=\"Dantracker s\u00f6ksystem till b\u00e5t och motor!\" href=\"http:\/\/www.dantracker.com\/\">Dantracker<\/a><\/li><li><a title=\"C-pod s\u00f6ksystem till b\u00e5t och motor!\" href=\"http:\/\/c-pod.com\/\" target=\"_blank\" rel=\"noopener\">C-pod<\/a><\/li><li><a title=\"Geosafe\" href=\"http:\/\/dev.geosafe.se\/\" target=\"_blank\" rel=\"noopener\">Geosafe<\/a><\/li><li><a title=\"GuardSystem s\u00f6ksystem till b\u00e5t och motor!\" href=\"http:\/\/guardsystems.com\/sweden\/\" target=\"_blank\" rel=\"noopener\">GuardSystem<\/a><\/li><li><a title=\"KombiGuard s\u00f6ksystem till b\u00e5t och motor!\" href=\"http:\/\/www.marineprotect.se\/\" target=\"_blank\" rel=\"noopener\">KombiGuard<\/a><\/li><li><a href=\"https:\/\/shop.minifinder.se\/minifinder-zepto\">MiniFinder Zepto<\/a><\/li><li><a href=\"https:\/\/shop.minifinder.se\/gps-tracker-xtreme\">MiniFinder Xtreme GM7<\/a><\/li><li><a title=\"Nordtrack\/Nordisk Fordonssp\u00e5rning AB \" href=\"http:\/\/www.nordtrack.se\/\" target=\"_blank\" rel=\"noopener\">NordTrack<\/a><\/li><li><a title=\"Pro Evolution s\u00f6ksystem till b\u00e5t och motor!\" href=\"http:\/\/www.jrlarmcenter.com\/sakerhet\" target=\"_blank\" rel=\"noopener\">Pro Evolution<\/a><\/li><li><a title=\"Redknows MiniFinder s\u00f6ksystem till b\u00e5t och motor!\" href=\"http:\/\/axtech.se\/\" target=\"_blank\" rel=\"noopener\">Redknows MiniFinder<\/a><\/li><li><a title=\"Octopus s\u00f6ksystem till b\u00e5t och motor!\" href=\"http:\/\/www.blue-peter.net\/batalarm-bilalarm-ip6566\/octopus-gpsgsm-larm.html\" target=\"_blank\" rel=\"noopener\">Octopus<\/a><\/li><li><a title=\"Satspot s\u00f6ksystem till b\u00e5t och motor!\" href=\"http:\/\/www.hellmertz.se\/?page=produkter&amp;maincategory=larm---bil-bat-husbil-m-fl&amp;product_id=353\" target=\"_blank\" rel=\"noopener\">Satspot<\/a><\/li><li><a title=\"Smart Solutions s\u00f6ksystem till b\u00e5t och motor!\" href=\"http:\/\/www.smartsolutions.se\/\" target=\"_blank\" rel=\"noopener\">Smart Solutions<\/a><\/li><li><a title=\"Siren Pixie s\u00f6ksystem till b\u00e5t och motor!\" href=\"http:\/\/www.sirenmarine.com\/\" target=\"_blank\" rel=\"noopener\">Siren Pixie<\/a><\/li><li><a href=\"http:\/\/www.swetrack.com\/swetrack-extreme.html\" target=\"_blank\" rel=\"noopener\">SweTrack<\/a><\/li><li><a title=\"Trackme s\u00f6ksystem till b\u00e5t och motor!\" href=\"http:\/\/www.hellmertz.se\/?page=produkter&amp;maincategory=sparning\" target=\"_blank\" rel=\"noopener\">Trackme<\/a><\/li><li><a title=\"Trackunit s\u00f6ksystem till b\u00e5t och motor!\" href=\"https:\/\/trackunit.com\/\" target=\"_blank\" rel=\"noopener\">Trackunit<\/a><\/li><li><a title=\"YachtSafe s\u00f6ksystem till b\u00e5t och motor!\" href=\"http:\/\/www.yachtsafe.se\/\" target=\"_blank\" rel=\"noopener\">YachtSafe<\/a><\/li><\/ul><h2>F\u00f6rebygga b\u00e5t- och motorst\u00f6lder<\/h2><p>L\u00e4s mer om hur du kan\u00a0f\u00f6rebygga b\u00e5t- och motorst\u00f6lder.<\/p>\t\t\t\t\t\t\t\t<\/div>\n\t\t\t\t<\/div>\n\t\t\t\t\t<\/div>\n\t\t<\/div>\n\t\t\t\t\t<\/div>\n\t\t<\/section>\n\t\t\t\t<\/div>","protected":false},"excerpt":{"rendered":"<p>Vad \u00e4r ett s\u00f6ksystem (sp\u00e5rsystem, sp\u00e5rs\u00e4ndare)? Idag finns det s\u00f6ksystem som anv\u00e4nder VHF radiopejling, GSM-\u00f6verf\u00f6rda GPS-signaler, pejling av GSM-signaler via GSM-stationer och GPS-signaler \u00f6verf\u00f6rda via satellitmeddelanden. Gemensamt f\u00f6r dem alla \u00e4r begreppet s\u00f6ksystem, det vill s\u00e4ga att de ger m\u00f6jligheten att ta tjuven p\u00e5 bar g\u00e4rning! S\u00f6ksystem ger rabatt p\u00e5 [&hellip;]<\/p>\n","protected":false},"author":21,"featured_media":0,"parent":0,"menu_order":0,"comment_status":"closed","ping_status":"closed","template":"","meta":{"inspiro_page_layout":"narrow","inspiro_hide_title":false,"footnotes":""},"class_list":["post-20817","page","type-page","status-publish","hentry"],"yoast_head":"<!-- This site is optimized with the Yoast SEO Premium plugin v27.4 (Yoast SEO v27.5) - https:\/\/yoast.com\/product\/yoast-seo-premium-wordpress\/ -->\n<title>Sp\u00e5rs\u00e4ndare, tracker, s\u00f6ksystem |<\/title>\n<meta name=\"robots\" content=\"index, follow, max-snippet:-1, max-image-preview:large, max-video-preview:-1\" \/>\n<link rel=\"canonical\" href=\"https:\/\/nautilus.se\/eng\/sparsandare-tracker-soksystem\/\" \/>\n<meta property=\"og:locale\" content=\"en_US\" \/>\n<meta property=\"og:type\" content=\"article\" \/>\n<meta property=\"og:title\" content=\"Sp\u00e5rs\u00e4ndare, tracker, s\u00f6ksystem\" \/>\n<meta property=\"og:description\" content=\"Vad \u00e4r ett s\u00f6ksystem (sp\u00e5rsystem, sp\u00e5rs\u00e4ndare)? Idag finns det s\u00f6ksystem som anv\u00e4nder VHF radiopejling, GSM-\u00f6verf\u00f6rda GPS-signaler, pejling av GSM-signaler via GSM-stationer och GPS-signaler \u00f6verf\u00f6rda via satellitmeddelanden. Gemensamt f\u00f6r dem alla \u00e4r begreppet s\u00f6ksystem, det vill s\u00e4ga att de ger m\u00f6jligheten att ta tjuven p\u00e5 bar g\u00e4rning! S\u00f6ksystem ger rabatt p\u00e5 [&hellip;]\" \/>\n<meta property=\"og:url\" content=\"https:\/\/nautilus.se\/eng\/sparsandare-tracker-soksystem\/\" \/>\n<meta property=\"og:site_name\" content=\"Nautilus Boat Club\" \/>\n<meta property=\"article:publisher\" content=\"https:\/\/www.facebook.com\/nautilusboatclub\/\" \/>\n<meta property=\"article:modified_time\" content=\"2023-03-16T09:51:11+00:00\" \/>\n<meta property=\"og:image\" content=\"https:\/\/nautilus.se\/wp-content\/uploads\/2023\/05\/askeladden-c80b.jpg\" \/>\n\t<meta property=\"og:image:width\" content=\"2560\" \/>\n\t<meta property=\"og:image:height\" content=\"1440\" \/>\n\t<meta property=\"og:image:type\" content=\"image\/jpeg\" \/>\n<meta name=\"twitter:card\" content=\"summary_large_image\" \/>\n<meta name=\"twitter:label1\" content=\"Est. reading time\" \/>\n\t<meta name=\"twitter:data1\" content=\"1 minute\" \/>\n<script type=\"application\/ld+json\" class=\"yoast-schema-graph\">{\"@context\":\"https:\\\/\\\/schema.org\",\"@graph\":[{\"@type\":\"WebPage\",\"@id\":\"https:\\\/\\\/nautilus.se\\\/sparsandare-tracker-soksystem\\\/\",\"url\":\"https:\\\/\\\/nautilus.se\\\/sparsandare-tracker-soksystem\\\/\",\"name\":\"Sp\u00e5rs\u00e4ndare, tracker, s\u00f6ksystem |\",\"isPartOf\":{\"@id\":\"https:\\\/\\\/nautilus.se\\\/#website\"},\"datePublished\":\"2023-02-27T15:06:47+00:00\",\"dateModified\":\"2023-03-16T09:51:11+00:00\",\"breadcrumb\":{\"@id\":\"https:\\\/\\\/nautilus.se\\\/sparsandare-tracker-soksystem\\\/#breadcrumb\"},\"inLanguage\":\"en-US\",\"potentialAction\":[{\"@type\":\"ReadAction\",\"target\":[\"https:\\\/\\\/nautilus.se\\\/sparsandare-tracker-soksystem\\\/\"]}]},{\"@type\":\"BreadcrumbList\",\"@id\":\"https:\\\/\\\/nautilus.se\\\/sparsandare-tracker-soksystem\\\/#breadcrumb\",\"itemListElement\":[{\"@type\":\"ListItem\",\"position\":1,\"name\":\"Home\",\"item\":\"https:\\\/\\\/nautilus.se\\\/\"},{\"@type\":\"ListItem\",\"position\":2,\"name\":\"Sp\u00e5rs\u00e4ndare, tracker, s\u00f6ksystem\"}]},{\"@type\":\"WebSite\",\"@id\":\"https:\\\/\\\/nautilus.se\\\/#website\",\"url\":\"https:\\\/\\\/nautilus.se\\\/\",\"name\":\"Nautilus Boat Club\",\"description\":\"H\u00e4r kan du hyra b\u00e5t, dela b\u00e5t, del\u00e4ga b\u00e5t och vara med i b\u00e5tpool.\",\"publisher\":{\"@id\":\"https:\\\/\\\/nautilus.se\\\/#organization\"},\"potentialAction\":[{\"@type\":\"SearchAction\",\"target\":{\"@type\":\"EntryPoint\",\"urlTemplate\":\"https:\\\/\\\/nautilus.se\\\/?s={search_term_string}\"},\"query-input\":{\"@type\":\"PropertyValueSpecification\",\"valueRequired\":true,\"valueName\":\"search_term_string\"}}],\"inLanguage\":\"en-US\"},{\"@type\":\"Organization\",\"@id\":\"https:\\\/\\\/nautilus.se\\\/#organization\",\"name\":\"Nautilus Boat Club AB\",\"alternateName\":\"Nautilus Boat Club\",\"url\":\"https:\\\/\\\/nautilus.se\\\/\",\"logo\":{\"@type\":\"ImageObject\",\"inLanguage\":\"en-US\",\"@id\":\"https:\\\/\\\/nautilus.se\\\/#\\\/schema\\\/logo\\\/image\\\/\",\"url\":\"https:\\\/\\\/nautilus.se\\\/wp-content\\\/uploads\\\/2022\\\/10\\\/Nautilus-shell-blue-back-w-logo.png\",\"contentUrl\":\"https:\\\/\\\/nautilus.se\\\/wp-content\\\/uploads\\\/2022\\\/10\\\/Nautilus-shell-blue-back-w-logo.png\",\"width\":1755,\"height\":1130,\"caption\":\"Nautilus Boat Club AB\"},\"image\":{\"@id\":\"https:\\\/\\\/nautilus.se\\\/#\\\/schema\\\/logo\\\/image\\\/\"},\"sameAs\":[\"https:\\\/\\\/www.facebook.com\\\/nautilusboatclub\\\/\",\"https:\\\/\\\/www.instagram.com\\\/nautilusboatclub\\\/\",\"https:\\\/\\\/www.linkedin.com\\\/company\\\/4998214\\\/admin\\\/\",\"https:\\\/\\\/www.youtube.com\\\/channel\\\/UCrhrs3yv-t72B5igMm2keKQ\\\/videos?app=desktop\"]}]}<\/script>\n<!-- \/ Yoast SEO Premium plugin. -->","yoast_head_json":{"title":"Sp\u00e5rs\u00e4ndare, tracker, s\u00f6ksystem |","robots":{"index":"index","follow":"follow","max-snippet":"max-snippet:-1","max-image-preview":"max-image-preview:large","max-video-preview":"max-video-preview:-1"},"canonical":"https:\/\/nautilus.se\/eng\/sparsandare-tracker-soksystem\/","og_locale":"en_US","og_type":"article","og_title":"Sp\u00e5rs\u00e4ndare, tracker, s\u00f6ksystem","og_description":"Vad \u00e4r ett s\u00f6ksystem (sp\u00e5rsystem, sp\u00e5rs\u00e4ndare)? Idag finns det s\u00f6ksystem som anv\u00e4nder VHF radiopejling, GSM-\u00f6verf\u00f6rda GPS-signaler, pejling av GSM-signaler via GSM-stationer och GPS-signaler \u00f6verf\u00f6rda via satellitmeddelanden. Gemensamt f\u00f6r dem alla \u00e4r begreppet s\u00f6ksystem, det vill s\u00e4ga att de ger m\u00f6jligheten att ta tjuven p\u00e5 bar g\u00e4rning! S\u00f6ksystem ger rabatt p\u00e5 [&hellip;]","og_url":"https:\/\/nautilus.se\/eng\/sparsandare-tracker-soksystem\/","og_site_name":"Nautilus Boat Club","article_publisher":"https:\/\/www.facebook.com\/nautilusboatclub\/","article_modified_time":"2023-03-16T09:51:11+00:00","og_image":[{"width":2560,"height":1440,"url":"https:\/\/nautilus.se\/wp-content\/uploads\/2023\/05\/askeladden-c80b.jpg","type":"image\/jpeg"}],"twitter_card":"summary_large_image","twitter_misc":{"Est. reading time":"1 minute"},"schema":{"@context":"https:\/\/schema.org","@graph":[{"@type":"WebPage","@id":"https:\/\/nautilus.se\/sparsandare-tracker-soksystem\/","url":"https:\/\/nautilus.se\/sparsandare-tracker-soksystem\/","name":"Sp\u00e5rs\u00e4ndare, tracker, s\u00f6ksystem |","isPartOf":{"@id":"https:\/\/nautilus.se\/#website"},"datePublished":"2023-02-27T15:06:47+00:00","dateModified":"2023-03-16T09:51:11+00:00","breadcrumb":{"@id":"https:\/\/nautilus.se\/sparsandare-tracker-soksystem\/#breadcrumb"},"inLanguage":"en-US","potentialAction":[{"@type":"ReadAction","target":["https:\/\/nautilus.se\/sparsandare-tracker-soksystem\/"]}]},{"@type":"BreadcrumbList","@id":"https:\/\/nautilus.se\/sparsandare-tracker-soksystem\/#breadcrumb","itemListElement":[{"@type":"ListItem","position":1,"name":"Home","item":"https:\/\/nautilus.se\/"},{"@type":"ListItem","position":2,"name":"Sp\u00e5rs\u00e4ndare, tracker, s\u00f6ksystem"}]},{"@type":"WebSite","@id":"https:\/\/nautilus.se\/#website","url":"https:\/\/nautilus.se\/","name":"Nautilus Boat Club","description":"H\u00e4r kan du hyra b\u00e5t, dela b\u00e5t, del\u00e4ga b\u00e5t och vara med i b\u00e5tpool.","publisher":{"@id":"https:\/\/nautilus.se\/#organization"},"potentialAction":[{"@type":"SearchAction","target":{"@type":"EntryPoint","urlTemplate":"https:\/\/nautilus.se\/?s={search_term_string}"},"query-input":{"@type":"PropertyValueSpecification","valueRequired":true,"valueName":"search_term_string"}}],"inLanguage":"en-US"},{"@type":"Organization","@id":"https:\/\/nautilus.se\/#organization","name":"Nautilus Boat Club AB","alternateName":"Nautilus Boat Club","url":"https:\/\/nautilus.se\/","logo":{"@type":"ImageObject","inLanguage":"en-US","@id":"https:\/\/nautilus.se\/#\/schema\/logo\/image\/","url":"https:\/\/nautilus.se\/wp-content\/uploads\/2022\/10\/Nautilus-shell-blue-back-w-logo.png","contentUrl":"https:\/\/nautilus.se\/wp-content\/uploads\/2022\/10\/Nautilus-shell-blue-back-w-logo.png","width":1755,"height":1130,"caption":"Nautilus Boat Club AB"},"image":{"@id":"https:\/\/nautilus.se\/#\/schema\/logo\/image\/"},"sameAs":["https:\/\/www.facebook.com\/nautilusboatclub\/","https:\/\/www.instagram.com\/nautilusboatclub\/","https:\/\/www.linkedin.com\/company\/4998214\/admin\/","https:\/\/www.youtube.com\/channel\/UCrhrs3yv-t72B5igMm2keKQ\/videos?app=desktop"]}]}},"_links":{"self":[{"href":"https:\/\/nautilus.se\/eng\/wp-json\/wp\/v2\/pages\/20817","targetHints":{"allow":["GET"]}}],"collection":[{"href":"https:\/\/nautilus.se\/eng\/wp-json\/wp\/v2\/pages"}],"about":[{"href":"https:\/\/nautilus.se\/eng\/wp-json\/wp\/v2\/types\/page"}],"author":[{"embeddable":true,"href":"https:\/\/nautilus.se\/eng\/wp-json\/wp\/v2\/users\/21"}],"replies":[{"embeddable":true,"href":"https:\/\/nautilus.se\/eng\/wp-json\/wp\/v2\/comments?post=20817"}],"version-history":[{"count":4,"href":"https:\/\/nautilus.se\/eng\/wp-json\/wp\/v2\/pages\/20817\/revisions"}],"predecessor-version":[{"id":20821,"href":"https:\/\/nautilus.se\/eng\/wp-json\/wp\/v2\/pages\/20817\/revisions\/20821"}],"wp:attachment":[{"href":"https:\/\/nautilus.se\/eng\/wp-json\/wp\/v2\/media?parent=20817"}],"curies":[{"name":"wp","href":"https:\/\/api.w.org\/{rel}","templated":true}]}}