{"id":20878,"date":"2023-02-27T16:49:43","date_gmt":"2023-02-27T15:49:43","guid":{"rendered":"https:\/\/nautilus.se\/?page_id=20878"},"modified":"2023-03-16T10:51:32","modified_gmt":"2023-03-16T09:51:32","slug":"att-kopa-bat","status":"publish","type":"page","link":"https:\/\/nautilus.se\/eng\/att-kopa-bat\/","title":{"rendered":"Att k\u00f6pa b\u00e5t"},"content":{"rendered":"<div data-elementor-type=\"wp-page\" data-elementor-id=\"20878\" class=\"elementor elementor-20878\" data-elementor-post-type=\"page\">\n\t\t\t\t\t\t<section class=\"elementor-section elementor-top-section elementor-element elementor-element-3788843 elementor-section-boxed elementor-section-height-default elementor-section-height-default\" data-id=\"3788843\" data-element_type=\"section\" data-e-type=\"section\">\n\t\t\t\t\t\t<div class=\"elementor-container elementor-column-gap-default\">\n\t\t\t\t\t<div class=\"elementor-column elementor-col-100 elementor-top-column elementor-element elementor-element-b5b9ed0\" data-id=\"b5b9ed0\" data-element_type=\"column\" data-e-type=\"column\">\n\t\t\t<div class=\"elementor-widget-wrap elementor-element-populated\">\n\t\t\t\t\t\t<div class=\"elementor-element elementor-element-d4163c9 elementor-widget elementor-widget-text-editor\" data-id=\"d4163c9\" data-element_type=\"widget\" data-e-type=\"widget\" data-widget_type=\"text-editor.default\">\n\t\t\t\t<div class=\"elementor-widget-container\">\n\t\t\t\t\t\t\t\t\t<div class=\"row-lead\"><div class=\"container\"><div class=\"row clearfix lead\"><div class=\"col-md-12 col-sm-12 column\"><div><p class=\"lead\">Har man ingen vana vid att k\u00f6pa b\u00e5t kan det vara sv\u00e5rt att veta vad man ska t\u00e4nka p\u00e5 inf\u00f6r k\u00f6pet. D\u00e4rf\u00f6r har vi samlat lite tips kring vad som \u00e4r bra att ta h\u00e4nsyn till innan och under b\u00e5tk\u00f6pet.<\/p><\/div><\/div><\/div><\/div><\/div><div class=\"row-content\"><div class=\"container\"><div class=\"row clearfix content\"><div class=\"col-md-12 col-sm-12 column\"><br \/><h2><a id=\"vilken-kopa\"><\/a>Vilken b\u00e5t ska jag k\u00f6pa?<\/h2><p>Fundera p\u00e5 hur och till vad du och familjen vill anv\u00e4nda b\u00e5ten och g\u00f6r en kravlista utifr\u00e5n det. G\u00f6r den g\u00e4rna i tre kolumner med rubrikerna &#8221;m\u00e5ste ha&#8221;, &#8221;bra att ha&#8221; och &#8221;beh\u00f6ver inte&#8221;.<\/p><ul><li>Motorb\u00e5t eller segelb\u00e5t?\u00a0En motorb\u00e5t \u00e4r ofta enklare att hantera \u00e4n en segelb\u00e5t, men h\u00f6ga br\u00e4nslekostnaderna kan vara en nackdel. Att segla \u00e4r underbart, men kr\u00e4ver mer aktivitet ombord av fler.<\/li><li>Ska b\u00e5ten anv\u00e4ndas f\u00f6r dagsturer eller vill ni kunna \u00f6vernatta i b\u00e5ten?<\/li><li>Ska den kunna anv\u00e4ndas till vattensporter som wakeboard eller vattenskidor?<\/li><li>Vill du kunna bo i b\u00e5ten p\u00e5 semestern?<\/li><li>Beh\u00f6ver du en transportb\u00e5t till och fr\u00e5n ditt semesterm\u00e5l?<\/li><li>Vill alla i familjen att ni ska k\u00f6pa b\u00e5t?<\/li><li>Hur mycket tid vill du l\u00e4gga p\u00e5 b\u00e5tunderh\u00e5ll? St\u00f6rre b\u00e5tar, \u00e4ldre b\u00e5tar och tr\u00e4b\u00e5tar betyder fler timmar f\u00f6r underh\u00e5ll, reng\u00f6ring och f\u00f6rberedelse inf\u00f6r sj\u00f6s\u00e4ttning.<\/li><\/ul><h2><a id=\"Nar_ska_man_kopa_bat\"><\/a>N\u00e4r ska man k\u00f6pa b\u00e5t?<\/h2><p>Det \u00e4r ofta billigare att k\u00f6pa b\u00e5t efter sommaren, n\u00e4r s\u00e4songen \u00e4r \u00f6ver. Men beroende p\u00e5 tillg\u00e5ng och efterfr\u00e5gan kan prisniv\u00e5n f\u00f6rst\u00e5s variera \u00f6ver tid. Viktigast \u00e4r att best\u00e4mma sig f\u00f6r en viss modell och sl\u00e5 till n\u00e4r\u00a0priset k\u00e4nns acceptabelt. Om du planerar k\u00f6pa b\u00e5t inf\u00f6r b\u00e5ts\u00e4songen \u00e4r det viktigt att vara ute i god tid f\u00f6r att undvika f\u00f6rhastade beslut.<\/p><h2><a name=\"budget-for-batkopet\"><\/a>G\u00f6r en budget f\u00f6r b\u00e5tk\u00f6pet<\/h2><p>Att k\u00f6pa b\u00e5t \u00e4r en investering som inneh\u00e5ller allt fr\u00e5n ink\u00f6p till vinterf\u00f6rvaring. H\u00e4r \u00e4r n\u00e5gra saker som \u00e4r bra att t\u00e4nka p\u00e5 innan du sl\u00e5r till:<\/p><ul><li>Ink\u00f6pspris \u2013 ny eller begagnad b\u00e5t.<\/li><li>Beh\u00f6ver du komplettera b\u00e5ten med utrustning och\u00a0<a title=\"Tillbeh\u00f6r till b\u00e5ten\" href=\"https:\/\/www.svedea.se\/batforsakring\/tillbehor-till-baten\" data-udi=\"umb:\/\/document\/016893e439454be6ba31cf1b88da77cb\">tillbeh\u00f6r<\/a>? Beh\u00f6ver du en\u00a0b\u00e5ttrailer?<\/li><li>Eventuella kostnader f\u00f6r b\u00e5tl\u00e5n om du finansierar k\u00f6pet p\u00e5 det s\u00e4ttet.<\/li><li>B\u00e5tf\u00f6rs\u00e4kring \u2013 den g\u00e4ller b\u00e5de f\u00f6r sj\u00f6skador och skador n\u00e4r b\u00e5ten \u00e4r upptagen p\u00e5 land f\u00f6r vinterf\u00f6rvaring.<\/li><li>Kostnad f\u00f6r upptagning och sj\u00f6s\u00e4ttning.<\/li><li>B\u00e5tplats p\u00e5 sommaren, men \u00e4ven f\u00f6r\u00a0vinterf\u00f6rvaring.<\/li><\/ul><h2><a name=\"nar-du-koper-baten\"><\/a>N\u00e4r du k\u00f6per b\u00e5ten<\/h2><p>Du kan k\u00f6pa en ny eller begagnad b\u00e5t av en b\u00e5thandlare, privatperson eller b\u00e5tf\u00f6rmedlare. K\u00f6per du av en b\u00e5thandlare eller b\u00e5tf\u00f6rmedlare g\u00e4ller konsumentk\u00f6plagen. Om du k\u00f6per av en privatperson g\u00e4ller k\u00f6plagen och d\u00e5 \u00e4r det extra viktigt att ni skriver ett ordentligt k\u00f6pekontrakt som g\u00e4ller vid en eventuell tvist.<\/p><p>L\u00e4s mer om att k\u00f6pa begagnad b\u00e5t.<\/p><h2><a name=\"kontrollera-saljaren\"><\/a>Kontrollera s\u00e4ljaren<\/h2><p>\u00c4ger s\u00e4ljaren b\u00e5ten? Be att f\u00e5 se legitimation, kontrollera att det finns kvitto p\u00e5 b\u00e5tk\u00f6pet och annan utrustning. Fr\u00e5ga hur b\u00e5ten \u00e4r servad och om det finns det papper p\u00e5 det. F\u00f6rs\u00e4kra dig om att det inte finns n\u00e5gra ol\u00f6sta l\u00e5n p\u00e5 b\u00e5ten. I\u00a0<a href=\"https:\/\/www.larmtjanst.se\/Handla-sakert\/bat\/Larmtjansts-batstoldsregister\/\" target=\"_blank\" rel=\"noopener\">Larmtj\u00e4nsts b\u00e5tst\u00f6ldsregister<\/a>\u00a0har du st\u00f6rst m\u00f6jlighet att kontrollera om b\u00e5ten \u00e4r stulen.<\/p><h2><a name=\"undersok-baten\"><\/a>Unders\u00f6k b\u00e5ten<\/h2><p>Det \u00e4r viktigt att du unders\u00f6ker b\u00e5ten ordentligt innan du k\u00f6per den. \u00c4r du os\u00e4ker kan du ta hj\u00e4lp av en besiktningsman. Kom ih\u00e5g att kontrollera b\u00e5tens alla viktiga och vitala delar, till exempel motor, mast och segel. Lyft p\u00e5 alla luckor och durkar f\u00f6r att bilda dig en uppfattning om b\u00e5tens skick. Om allt \u00e4r rent och fr\u00e4scht \u00e4r ocks\u00e5 chansen att b\u00e5ten servats och sk\u00f6tts noggrant av den tidigare \u00e4garen. I Sverige \u00e4r det ett krav att b\u00e5tar \u00e4r CE-m\u00e4rkta. Om\u00e4rkta b\u00e5tar har d\u00e4rf\u00f6r ett l\u00e4gre andrahandsv\u00e4rde och \u00e4r sv\u00e5ra att s\u00e4lja vidare.<\/p><\/div><\/div><\/div><\/div>\t\t\t\t\t\t\t\t<\/div>\n\t\t\t\t<\/div>\n\t\t\t\t\t<\/div>\n\t\t<\/div>\n\t\t\t\t\t<\/div>\n\t\t<\/section>\n\t\t\t\t<\/div>","protected":false},"excerpt":{"rendered":"<p>Har man ingen vana vid att k\u00f6pa b\u00e5t kan det vara sv\u00e5rt att veta vad man ska t\u00e4nka p\u00e5 inf\u00f6r k\u00f6pet. D\u00e4rf\u00f6r har vi samlat lite tips kring vad som \u00e4r bra att ta h\u00e4nsyn till innan och under b\u00e5tk\u00f6pet. Vilken b\u00e5t ska jag k\u00f6pa? Fundera p\u00e5 hur och till [&hellip;]<\/p>\n","protected":false},"author":21,"featured_media":0,"parent":0,"menu_order":0,"comment_status":"closed","ping_status":"closed","template":"","meta":{"inspiro_page_layout":"narrow","inspiro_hide_title":false,"footnotes":""},"class_list":["post-20878","page","type-page","status-publish","hentry"],"yoast_head":"<!-- This site is optimized with the Yoast SEO Premium plugin v27.4 (Yoast SEO v27.5) - https:\/\/yoast.com\/product\/yoast-seo-premium-wordpress\/ -->\n<title>Att k\u00f6pa b\u00e5t |<\/title>\n<meta name=\"robots\" content=\"index, follow, max-snippet:-1, max-image-preview:large, max-video-preview:-1\" \/>\n<link rel=\"canonical\" href=\"https:\/\/nautilus.se\/eng\/att-kopa-bat\/\" \/>\n<meta property=\"og:locale\" content=\"en_US\" \/>\n<meta property=\"og:type\" content=\"article\" \/>\n<meta property=\"og:title\" content=\"Att k\u00f6pa b\u00e5t\" \/>\n<meta property=\"og:description\" content=\"Har man ingen vana vid att k\u00f6pa b\u00e5t kan det vara sv\u00e5rt att veta vad man ska t\u00e4nka p\u00e5 inf\u00f6r k\u00f6pet. D\u00e4rf\u00f6r har vi samlat lite tips kring vad som \u00e4r bra att ta h\u00e4nsyn till innan och under b\u00e5tk\u00f6pet. Vilken b\u00e5t ska jag k\u00f6pa? Fundera p\u00e5 hur och till [&hellip;]\" \/>\n<meta property=\"og:url\" content=\"https:\/\/nautilus.se\/eng\/att-kopa-bat\/\" \/>\n<meta property=\"og:site_name\" content=\"Nautilus Boat Club\" \/>\n<meta property=\"article:publisher\" content=\"https:\/\/www.facebook.com\/nautilusboatclub\/\" \/>\n<meta property=\"article:modified_time\" content=\"2023-03-16T09:51:32+00:00\" \/>\n<meta property=\"og:image\" content=\"https:\/\/nautilus.se\/wp-content\/uploads\/2023\/05\/askeladden-c80b.jpg\" \/>\n\t<meta property=\"og:image:width\" content=\"2560\" \/>\n\t<meta property=\"og:image:height\" content=\"1440\" \/>\n\t<meta property=\"og:image:type\" content=\"image\/jpeg\" \/>\n<meta name=\"twitter:card\" content=\"summary_large_image\" \/>\n<meta name=\"twitter:label1\" content=\"Est. reading time\" \/>\n\t<meta name=\"twitter:data1\" content=\"3 minutes\" \/>\n<script type=\"application\/ld+json\" class=\"yoast-schema-graph\">{\"@context\":\"https:\\\/\\\/schema.org\",\"@graph\":[{\"@type\":\"WebPage\",\"@id\":\"https:\\\/\\\/nautilus.se\\\/att-kopa-bat\\\/\",\"url\":\"https:\\\/\\\/nautilus.se\\\/att-kopa-bat\\\/\",\"name\":\"Att k\u00f6pa b\u00e5t |\",\"isPartOf\":{\"@id\":\"https:\\\/\\\/nautilus.se\\\/#website\"},\"datePublished\":\"2023-02-27T15:49:43+00:00\",\"dateModified\":\"2023-03-16T09:51:32+00:00\",\"breadcrumb\":{\"@id\":\"https:\\\/\\\/nautilus.se\\\/att-kopa-bat\\\/#breadcrumb\"},\"inLanguage\":\"en-US\",\"potentialAction\":[{\"@type\":\"ReadAction\",\"target\":[\"https:\\\/\\\/nautilus.se\\\/att-kopa-bat\\\/\"]}]},{\"@type\":\"BreadcrumbList\",\"@id\":\"https:\\\/\\\/nautilus.se\\\/att-kopa-bat\\\/#breadcrumb\",\"itemListElement\":[{\"@type\":\"ListItem\",\"position\":1,\"name\":\"Home\",\"item\":\"https:\\\/\\\/nautilus.se\\\/\"},{\"@type\":\"ListItem\",\"position\":2,\"name\":\"Att k\u00f6pa b\u00e5t\"}]},{\"@type\":\"WebSite\",\"@id\":\"https:\\\/\\\/nautilus.se\\\/#website\",\"url\":\"https:\\\/\\\/nautilus.se\\\/\",\"name\":\"Nautilus Boat Club\",\"description\":\"H\u00e4r kan du hyra b\u00e5t, dela b\u00e5t, del\u00e4ga b\u00e5t och vara med i b\u00e5tpool.\",\"publisher\":{\"@id\":\"https:\\\/\\\/nautilus.se\\\/#organization\"},\"potentialAction\":[{\"@type\":\"SearchAction\",\"target\":{\"@type\":\"EntryPoint\",\"urlTemplate\":\"https:\\\/\\\/nautilus.se\\\/?s={search_term_string}\"},\"query-input\":{\"@type\":\"PropertyValueSpecification\",\"valueRequired\":true,\"valueName\":\"search_term_string\"}}],\"inLanguage\":\"en-US\"},{\"@type\":\"Organization\",\"@id\":\"https:\\\/\\\/nautilus.se\\\/#organization\",\"name\":\"Nautilus Boat Club AB\",\"alternateName\":\"Nautilus Boat Club\",\"url\":\"https:\\\/\\\/nautilus.se\\\/\",\"logo\":{\"@type\":\"ImageObject\",\"inLanguage\":\"en-US\",\"@id\":\"https:\\\/\\\/nautilus.se\\\/#\\\/schema\\\/logo\\\/image\\\/\",\"url\":\"https:\\\/\\\/nautilus.se\\\/wp-content\\\/uploads\\\/2022\\\/10\\\/Nautilus-shell-blue-back-w-logo.png\",\"contentUrl\":\"https:\\\/\\\/nautilus.se\\\/wp-content\\\/uploads\\\/2022\\\/10\\\/Nautilus-shell-blue-back-w-logo.png\",\"width\":1755,\"height\":1130,\"caption\":\"Nautilus Boat Club AB\"},\"image\":{\"@id\":\"https:\\\/\\\/nautilus.se\\\/#\\\/schema\\\/logo\\\/image\\\/\"},\"sameAs\":[\"https:\\\/\\\/www.facebook.com\\\/nautilusboatclub\\\/\",\"https:\\\/\\\/www.instagram.com\\\/nautilusboatclub\\\/\",\"https:\\\/\\\/www.linkedin.com\\\/company\\\/4998214\\\/admin\\\/\",\"https:\\\/\\\/www.youtube.com\\\/channel\\\/UCrhrs3yv-t72B5igMm2keKQ\\\/videos?app=desktop\"]}]}<\/script>\n<!-- \/ Yoast SEO Premium plugin. -->","yoast_head_json":{"title":"Att k\u00f6pa b\u00e5t |","robots":{"index":"index","follow":"follow","max-snippet":"max-snippet:-1","max-image-preview":"max-image-preview:large","max-video-preview":"max-video-preview:-1"},"canonical":"https:\/\/nautilus.se\/eng\/att-kopa-bat\/","og_locale":"en_US","og_type":"article","og_title":"Att k\u00f6pa b\u00e5t","og_description":"Har man ingen vana vid att k\u00f6pa b\u00e5t kan det vara sv\u00e5rt att veta vad man ska t\u00e4nka p\u00e5 inf\u00f6r k\u00f6pet. D\u00e4rf\u00f6r har vi samlat lite tips kring vad som \u00e4r bra att ta h\u00e4nsyn till innan och under b\u00e5tk\u00f6pet. Vilken b\u00e5t ska jag k\u00f6pa? Fundera p\u00e5 hur och till [&hellip;]","og_url":"https:\/\/nautilus.se\/eng\/att-kopa-bat\/","og_site_name":"Nautilus Boat Club","article_publisher":"https:\/\/www.facebook.com\/nautilusboatclub\/","article_modified_time":"2023-03-16T09:51:32+00:00","og_image":[{"width":2560,"height":1440,"url":"https:\/\/nautilus.se\/wp-content\/uploads\/2023\/05\/askeladden-c80b.jpg","type":"image\/jpeg"}],"twitter_card":"summary_large_image","twitter_misc":{"Est. reading time":"3 minutes"},"schema":{"@context":"https:\/\/schema.org","@graph":[{"@type":"WebPage","@id":"https:\/\/nautilus.se\/att-kopa-bat\/","url":"https:\/\/nautilus.se\/att-kopa-bat\/","name":"Att k\u00f6pa b\u00e5t |","isPartOf":{"@id":"https:\/\/nautilus.se\/#website"},"datePublished":"2023-02-27T15:49:43+00:00","dateModified":"2023-03-16T09:51:32+00:00","breadcrumb":{"@id":"https:\/\/nautilus.se\/att-kopa-bat\/#breadcrumb"},"inLanguage":"en-US","potentialAction":[{"@type":"ReadAction","target":["https:\/\/nautilus.se\/att-kopa-bat\/"]}]},{"@type":"BreadcrumbList","@id":"https:\/\/nautilus.se\/att-kopa-bat\/#breadcrumb","itemListElement":[{"@type":"ListItem","position":1,"name":"Home","item":"https:\/\/nautilus.se\/"},{"@type":"ListItem","position":2,"name":"Att k\u00f6pa b\u00e5t"}]},{"@type":"WebSite","@id":"https:\/\/nautilus.se\/#website","url":"https:\/\/nautilus.se\/","name":"Nautilus Boat Club","description":"H\u00e4r kan du hyra b\u00e5t, dela b\u00e5t, del\u00e4ga b\u00e5t och vara med i b\u00e5tpool.","publisher":{"@id":"https:\/\/nautilus.se\/#organization"},"potentialAction":[{"@type":"SearchAction","target":{"@type":"EntryPoint","urlTemplate":"https:\/\/nautilus.se\/?s={search_term_string}"},"query-input":{"@type":"PropertyValueSpecification","valueRequired":true,"valueName":"search_term_string"}}],"inLanguage":"en-US"},{"@type":"Organization","@id":"https:\/\/nautilus.se\/#organization","name":"Nautilus Boat Club AB","alternateName":"Nautilus Boat Club","url":"https:\/\/nautilus.se\/","logo":{"@type":"ImageObject","inLanguage":"en-US","@id":"https:\/\/nautilus.se\/#\/schema\/logo\/image\/","url":"https:\/\/nautilus.se\/wp-content\/uploads\/2022\/10\/Nautilus-shell-blue-back-w-logo.png","contentUrl":"https:\/\/nautilus.se\/wp-content\/uploads\/2022\/10\/Nautilus-shell-blue-back-w-logo.png","width":1755,"height":1130,"caption":"Nautilus Boat Club AB"},"image":{"@id":"https:\/\/nautilus.se\/#\/schema\/logo\/image\/"},"sameAs":["https:\/\/www.facebook.com\/nautilusboatclub\/","https:\/\/www.instagram.com\/nautilusboatclub\/","https:\/\/www.linkedin.com\/company\/4998214\/admin\/","https:\/\/www.youtube.com\/channel\/UCrhrs3yv-t72B5igMm2keKQ\/videos?app=desktop"]}]}},"_links":{"self":[{"href":"https:\/\/nautilus.se\/eng\/wp-json\/wp\/v2\/pages\/20878","targetHints":{"allow":["GET"]}}],"collection":[{"href":"https:\/\/nautilus.se\/eng\/wp-json\/wp\/v2\/pages"}],"about":[{"href":"https:\/\/nautilus.se\/eng\/wp-json\/wp\/v2\/types\/page"}],"author":[{"embeddable":true,"href":"https:\/\/nautilus.se\/eng\/wp-json\/wp\/v2\/users\/21"}],"replies":[{"embeddable":true,"href":"https:\/\/nautilus.se\/eng\/wp-json\/wp\/v2\/comments?post=20878"}],"version-history":[{"count":4,"href":"https:\/\/nautilus.se\/eng\/wp-json\/wp\/v2\/pages\/20878\/revisions"}],"predecessor-version":[{"id":20882,"href":"https:\/\/nautilus.se\/eng\/wp-json\/wp\/v2\/pages\/20878\/revisions\/20882"}],"wp:attachment":[{"href":"https:\/\/nautilus.se\/eng\/wp-json\/wp\/v2\/media?parent=20878"}],"curies":[{"name":"wp","href":"https:\/\/api.w.org\/{rel}","templated":true}]}}