{"id":32209,"date":"2026-02-21T19:04:00","date_gmt":"2026-02-21T17:04:00","guid":{"rendered":"https:\/\/nautilus.se\/?post_type=product&#038;p=32209"},"modified":"2026-03-06T12:24:08","modified_gmt":"2026-03-06T10:24:08","slug":"uttern-d77-bullando-korthyra","status":"publish","type":"product","link":"https:\/\/nautilus.se\/eng\/hyra-bat\/uttern-d77-bullando-korthyra\/","title":{"rendered":"Uttern D77"},"content":{"rendered":"<div class=\"container\">\n<div class=\"left\">\n<p>Rent the Uttern D77, the biggest day cruiser in the new model range!<\/p>\n<p>The D77 offers open, social areas and is the perfect balance between day cruiser and holiday boat. The cockpit easily accommodates 8 people and here you will also find the galley, provided with a refrigerator, a stove and water. In the cabin there is a separate toilet and 4 fixed berths. Something particular about the D77 is therefore that the beds can be made throughout the week and does not need to be stowed to double a seating group or other- a unique feature among today\u2019s modern DC-boats at 7.5 meters.<\/p>\n<p>This boat is available for rent at Bulland\u00f6 marina. The marina is perfectly located, in the middle of the archipelago, close to all the beautiful islands regardless of direction.<\/p>\n<p>&nbsp;<\/p>\n<\/div>\n<h3>Safe rentals<\/h3>\n<p class=\" translation-block\">We know that your boat days are valuable! When you rent a boat from us, fast support is always included.<br>\nIf there is any problem with the boat during your rental, we will come out and fix it on site.<\/p>\n<p>&nbsp;<\/p>\n<p>Boater certificate and experience are required.<br \/>\nIncheckning fr\u00e5n kl 10.00<br \/>\nUtcheckning kl 16.00<br \/>\nDjur till\u00e5tet<br \/>\nParkering mot mindre dagstaxa<br \/>\nBokningsbar: fr\u00e5n 3 dagar<br \/>\nCancellation: 14 days in advance<br \/>\n\u00c5ldersgr\u00e4ns: 25 \u00e5r<br \/>\nDeposition\/sj\u00e4lvrisk: 12.000kr<br \/>\nHamn: Bulland\u00f6 Marina, V\u00e4rmd\u00f6<\/p>\n<div class=\"right\">\n<p>&nbsp;<\/p>\n<h3>Equipment:<\/h3>\n<ul>\n<li>Bow thruster<\/li>\n<li>Trim plan<\/li>\n<li>Simrad NSS 9-inch plotter<\/li>\n<li>Landstr\u00f6m med 220v-uttag<\/li>\n<li>Four fixed berths<\/li>\n<li>Diesel heater<\/li>\n<li>Pentry med kylsk\u00e5p och gasolkokplatta<\/li>\n<li>Separate toilet with septic tank<\/li>\n<li>Freshwater tank 80l<\/li>\n<li>USB och 12V-uttag i ruff och sittbrunn<\/li>\n<li>Shower on the stern<\/li>\n<li>Kitchen-ware<\/li>\n<li>4 kuddar och t\u00e4cken<\/li>\n<li>Navigational charts of Stockholm<\/li>\n<li>Life jackets<\/li>\n<li>Fenders, ropes and anchor gear<\/li>\n<\/ul>\n<\/div>\n<\/div>","protected":false},"excerpt":{"rendered":"<p>H\u00e4mtas fr\u00e5n kl 10. L\u00e4mnas kl 16 sista dagen.<br \/>\nClick on the desired days of your rental to view the current price.<\/p>","protected":false},"featured_media":1628,"template":"","meta":[],"product_brand":[306],"product_cat":[294,18],"product_tag":[90],"class_list":{"0":"post-32209","1":"product","2":"type-product","3":"status-publish","4":"has-post-thumbnail","6":"product_brand-uttern","7":"product_cat-korttidshyra","8":"product_cat-motorbatar","9":"product_tag-bullando","11":"first","12":"instock","13":"virtual","14":"sold-individually","15":"taxable","16":"purchasable","17":"product-type-booking"},"booking_location":"","booking_location_type":"","booking_duration":1,"booking_duration_unit":"day","booking_buffer":0,"booking_cost":2800,"booking_resources":[1620],"exclude_global_add_ons":false,"addons":[{"name":"Final cleaning","type":"checkbox","position":0,"required":false,"title_format":"heading","default":"","description_enable":false,"description":"","placeholder_enable":false,"placeholder":"","display":"select","restrictions_type":"any_text","adjust_price":false,"price":"","price_type":"flat_fee","restrictions":false,"min":"0","max":"0","options":[{"label":"Pris","price":"1500","price_type":"quantity_based","image":0,"visibility":true}],"id":1773501177},{"name":"Rubber dinghy","type":"checkbox","position":1,"required":false,"title_format":"heading","default":"","description_enable":false,"description":"","placeholder_enable":false,"placeholder":"","display":"select","restrictions_type":"any_text","adjust_price":false,"price":"","price_type":"flat_fee","restrictions":false,"min":"0","max":"0","options":[{"label":"Per tillf\u00e4lle","price":"600","price_type":"quantity_based","image":0,"visibility":true}],"id":1773501178},{"name":"Engine to the dinghy","type":"checkbox","position":2,"required":false,"title_format":"heading","default":"","description_enable":false,"description":"","placeholder_enable":false,"placeholder":"","display":"select","restrictions_type":"any_text","adjust_price":false,"price":"","price_type":"flat_fee","restrictions":false,"min":"0","max":"0","options":[{"label":"Per tillf\u00e4lle","price":"500","price_type":"quantity_based","image":0,"visibility":true}],"id":1773501179},{"name":"SUP board, inflatable","type":"checkbox","position":3,"required":false,"title_format":"heading","default":"","description_enable":false,"description":"","placeholder_enable":false,"placeholder":"","display":"select","restrictions_type":"any_text","adjust_price":false,"price":"","price_type":"flat_fee","restrictions":false,"min":"0","max":"0","options":[{"label":"Per tillf\u00e4lle","price":"450","price_type":"quantity_based","image":0,"visibility":true}],"id":1773501180},{"name":"4G Wi-Fi, unlimited","type":"checkbox","position":4,"required":false,"title_format":"heading","default":"","description_enable":false,"description":"","placeholder_enable":false,"placeholder":"","display":"select","restrictions_type":"any_text","adjust_price":false,"price":"","price_type":"flat_fee","restrictions":false,"min":"0","max":"0","options":[{"label":"Per tillf\u00e4lle","price":"450","price_type":"quantity_based","image":0,"visibility":true}],"id":1773501181},{"name":"Linnens","type":"input_multiplier","position":5,"required":false,"title_format":"heading","default":"","description_enable":false,"description":"Lakanset &amp; badhandduk","placeholder_enable":false,"placeholder":"","display":"select","restrictions_type":"any_text","adjust_price":true,"price":"250","price_type":"quantity_based","restrictions":true,"min":"0","max":"8","options":[],"id":1773501182},{"name":"Nautic ability","type":"custom_text","position":6,"required":true,"title_format":"heading","default":"","description_enable":false,"description":"","placeholder_enable":false,"placeholder":"","display":"select","restrictions_type":"any_text","adjust_price":false,"price":"","price_type":"flat_fee","restrictions":false,"min":"0","max":"0","options":[],"id":1773501183}],"yoast_head":"<!-- This site is optimized with the Yoast SEO Premium plugin v27.4 (Yoast SEO v27.5) - https:\/\/yoast.com\/product\/yoast-seo-premium-wordpress\/ -->\n<title>Hyr Uttern D77 motorb\u00e5t enkelt | Nautilus Boat Club<\/title>\n<meta name=\"description\" content=\"Hyr Uttern D77 p\u00e5 Bulland\u00f6 marina! Alltid med support och fullt f\u00f6rs\u00e4krat. Nautilus Boat Club erbjuder ett m\u00e5ngsidigt och modern b\u00e5tliv.\" \/>\n<meta name=\"robots\" content=\"index, follow, max-snippet:-1, max-image-preview:large, max-video-preview:-1\" \/>\n<link rel=\"canonical\" href=\"https:\/\/nautilus.se\/eng\/hyra-bat\/uttern-d77-bullando-korthyra\/\" \/>\n<meta property=\"og:locale\" content=\"en_US\" \/>\n<meta property=\"og:type\" content=\"article\" \/>\n<meta property=\"og:title\" content=\"Uttern D77\" \/>\n<meta property=\"og:description\" content=\"Hyr Uttern D77 p\u00e5 Bulland\u00f6 marina! Alltid med support och fullt f\u00f6rs\u00e4krat. Nautilus Boat Club erbjuder ett m\u00e5ngsidigt och modern b\u00e5tliv.\" \/>\n<meta property=\"og:url\" content=\"https:\/\/nautilus.se\/eng\/hyra-bat\/uttern-d77-bullando-korthyra\/\" \/>\n<meta property=\"og:site_name\" content=\"Nautilus Boat Club\" \/>\n<meta property=\"article:publisher\" content=\"https:\/\/www.facebook.com\/nautilusboatclub\/\" \/>\n<meta property=\"article:modified_time\" content=\"2026-03-06T10:24:08+00:00\" \/>\n<meta property=\"og:image\" content=\"https:\/\/nautilus.se\/wp-content\/uploads\/2020\/07\/Uttern-D77-running2.jpg\" \/>\n\t<meta property=\"og:image:width\" content=\"1368\" \/>\n\t<meta property=\"og:image:height\" content=\"912\" \/>\n\t<meta property=\"og:image:type\" content=\"image\/jpeg\" \/>\n<meta name=\"twitter:card\" content=\"summary_large_image\" \/>\n<meta name=\"twitter:label1\" content=\"Est. reading time\" \/>\n\t<meta name=\"twitter:data1\" content=\"2 minutes\" \/>\n<script type=\"application\/ld+json\" class=\"yoast-schema-graph\">{\"@context\":\"https:\\\/\\\/schema.org\",\"@graph\":[{\"@type\":\"WebPage\",\"@id\":\"https:\\\/\\\/nautilus.se\\\/hyra-bat\\\/uttern-d77-bullando-korthyra\\\/\",\"url\":\"https:\\\/\\\/nautilus.se\\\/hyra-bat\\\/uttern-d77-bullando-korthyra\\\/\",\"name\":\"Hyr Uttern D77 motorb\u00e5t enkelt | Nautilus Boat Club\",\"isPartOf\":{\"@id\":\"https:\\\/\\\/nautilus.se\\\/#website\"},\"primaryImageOfPage\":{\"@id\":\"https:\\\/\\\/nautilus.se\\\/hyra-bat\\\/uttern-d77-bullando-korthyra\\\/#primaryimage\"},\"image\":{\"@id\":\"https:\\\/\\\/nautilus.se\\\/hyra-bat\\\/uttern-d77-bullando-korthyra\\\/#primaryimage\"},\"thumbnailUrl\":\"https:\\\/\\\/nautilus.se\\\/wp-content\\\/uploads\\\/2020\\\/07\\\/Uttern-D77-running2.jpg\",\"datePublished\":\"2026-02-21T17:04:00+00:00\",\"dateModified\":\"2026-03-06T10:24:08+00:00\",\"description\":\"Hyr Uttern D77 p\u00e5 Bulland\u00f6 marina! Alltid med support och fullt f\u00f6rs\u00e4krat. Nautilus Boat Club erbjuder ett m\u00e5ngsidigt och modern b\u00e5tliv.\",\"breadcrumb\":{\"@id\":\"https:\\\/\\\/nautilus.se\\\/hyra-bat\\\/uttern-d77-bullando-korthyra\\\/#breadcrumb\"},\"inLanguage\":\"en-US\",\"potentialAction\":[{\"@type\":\"ReadAction\",\"target\":[\"https:\\\/\\\/nautilus.se\\\/hyra-bat\\\/uttern-d77-bullando-korthyra\\\/\"]}]},{\"@type\":\"ImageObject\",\"inLanguage\":\"en-US\",\"@id\":\"https:\\\/\\\/nautilus.se\\\/hyra-bat\\\/uttern-d77-bullando-korthyra\\\/#primaryimage\",\"url\":\"https:\\\/\\\/nautilus.se\\\/wp-content\\\/uploads\\\/2020\\\/07\\\/Uttern-D77-running2.jpg\",\"contentUrl\":\"https:\\\/\\\/nautilus.se\\\/wp-content\\\/uploads\\\/2020\\\/07\\\/Uttern-D77-running2.jpg\",\"width\":1368,\"height\":912,\"caption\":\"Hyra b\u00e5t eller teckna b\u00e5tabonnemang\"},{\"@type\":\"BreadcrumbList\",\"@id\":\"https:\\\/\\\/nautilus.se\\\/hyra-bat\\\/uttern-d77-bullando-korthyra\\\/#breadcrumb\",\"itemListElement\":[{\"@type\":\"ListItem\",\"position\":1,\"name\":\"Home\",\"item\":\"https:\\\/\\\/nautilus.se\\\/\"},{\"@type\":\"ListItem\",\"position\":2,\"name\":\"Hyr b\u00e5t enkelt och tryggt\",\"item\":\"https:\\\/\\\/nautilus.se\\\/hyra-bat-old\\\/\"},{\"@type\":\"ListItem\",\"position\":3,\"name\":\"Uttern D77\"}]},{\"@type\":\"WebSite\",\"@id\":\"https:\\\/\\\/nautilus.se\\\/#website\",\"url\":\"https:\\\/\\\/nautilus.se\\\/\",\"name\":\"Nautilus Boat Club\",\"description\":\"H\u00e4r kan du hyra b\u00e5t, dela b\u00e5t, del\u00e4ga b\u00e5t och vara med i b\u00e5tpool.\",\"publisher\":{\"@id\":\"https:\\\/\\\/nautilus.se\\\/#organization\"},\"potentialAction\":[{\"@type\":\"SearchAction\",\"target\":{\"@type\":\"EntryPoint\",\"urlTemplate\":\"https:\\\/\\\/nautilus.se\\\/?s={search_term_string}\"},\"query-input\":{\"@type\":\"PropertyValueSpecification\",\"valueRequired\":true,\"valueName\":\"search_term_string\"}}],\"inLanguage\":\"en-US\"},{\"@type\":\"Organization\",\"@id\":\"https:\\\/\\\/nautilus.se\\\/#organization\",\"name\":\"Nautilus Boat Club AB\",\"alternateName\":\"Nautilus Boat Club\",\"url\":\"https:\\\/\\\/nautilus.se\\\/\",\"logo\":{\"@type\":\"ImageObject\",\"inLanguage\":\"en-US\",\"@id\":\"https:\\\/\\\/nautilus.se\\\/#\\\/schema\\\/logo\\\/image\\\/\",\"url\":\"https:\\\/\\\/nautilus.se\\\/wp-content\\\/uploads\\\/2022\\\/10\\\/Nautilus-shell-blue-back-w-logo.png\",\"contentUrl\":\"https:\\\/\\\/nautilus.se\\\/wp-content\\\/uploads\\\/2022\\\/10\\\/Nautilus-shell-blue-back-w-logo.png\",\"width\":1755,\"height\":1130,\"caption\":\"Nautilus Boat Club AB\"},\"image\":{\"@id\":\"https:\\\/\\\/nautilus.se\\\/#\\\/schema\\\/logo\\\/image\\\/\"},\"sameAs\":[\"https:\\\/\\\/www.facebook.com\\\/nautilusboatclub\\\/\",\"https:\\\/\\\/www.instagram.com\\\/nautilusboatclub\\\/\",\"https:\\\/\\\/www.linkedin.com\\\/company\\\/4998214\\\/admin\\\/\",\"https:\\\/\\\/www.youtube.com\\\/channel\\\/UCrhrs3yv-t72B5igMm2keKQ\\\/videos?app=desktop\"]}]}<\/script>\n<!-- \/ Yoast SEO Premium plugin. -->","yoast_head_json":{"title":"Rent Uttern D77 motorboat in Stockholm | Nautilus Boat Club","description":"Hyr Uttern D77 p\u00e5 Bulland\u00f6 marina! Alltid med support och fullt f\u00f6rs\u00e4krat. Nautilus Boat Club erbjuder ett m\u00e5ngsidigt och modern b\u00e5tliv.","robots":{"index":"index","follow":"follow","max-snippet":"max-snippet:-1","max-image-preview":"max-image-preview:large","max-video-preview":"max-video-preview:-1"},"canonical":"https:\/\/nautilus.se\/eng\/hyra-bat\/uttern-d77-bullando-korthyra\/","og_locale":"en_US","og_type":"article","og_title":"Uttern D77","og_description":"Hyr Uttern D77 p\u00e5 Bulland\u00f6 marina! Alltid med support och fullt f\u00f6rs\u00e4krat. Nautilus Boat Club erbjuder ett m\u00e5ngsidigt och modern b\u00e5tliv.","og_url":"https:\/\/nautilus.se\/eng\/hyra-bat\/uttern-d77-bullando-korthyra\/","og_site_name":"Nautilus Boat Club","article_publisher":"https:\/\/www.facebook.com\/nautilusboatclub\/","article_modified_time":"2026-03-06T10:24:08+00:00","og_image":[{"width":1368,"height":912,"url":"https:\/\/nautilus.se\/wp-content\/uploads\/2020\/07\/Uttern-D77-running2.jpg","type":"image\/jpeg"}],"twitter_card":"summary_large_image","twitter_misc":{"Est. reading time":"2 minutes"},"schema":{"@context":"https:\/\/schema.org","@graph":[{"@type":"WebPage","@id":"https:\/\/nautilus.se\/hyra-bat\/uttern-d77-bullando-korthyra\/","url":"https:\/\/nautilus.se\/hyra-bat\/uttern-d77-bullando-korthyra\/","name":"Rent Uttern D77 motorboat in Stockholm | Nautilus Boat Club","isPartOf":{"@id":"https:\/\/nautilus.se\/#website"},"primaryImageOfPage":{"@id":"https:\/\/nautilus.se\/hyra-bat\/uttern-d77-bullando-korthyra\/#primaryimage"},"image":{"@id":"https:\/\/nautilus.se\/hyra-bat\/uttern-d77-bullando-korthyra\/#primaryimage"},"thumbnailUrl":"https:\/\/nautilus.se\/wp-content\/uploads\/2020\/07\/Uttern-D77-running2.jpg","datePublished":"2026-02-21T17:04:00+00:00","dateModified":"2026-03-06T10:24:08+00:00","description":"Hyr Uttern D77 p\u00e5 Bulland\u00f6 marina! Alltid med support och fullt f\u00f6rs\u00e4krat. Nautilus Boat Club erbjuder ett m\u00e5ngsidigt och modern b\u00e5tliv.","breadcrumb":{"@id":"https:\/\/nautilus.se\/hyra-bat\/uttern-d77-bullando-korthyra\/#breadcrumb"},"inLanguage":"en-US","potentialAction":[{"@type":"ReadAction","target":["https:\/\/nautilus.se\/hyra-bat\/uttern-d77-bullando-korthyra\/"]}]},{"@type":"ImageObject","inLanguage":"en-US","@id":"https:\/\/nautilus.se\/hyra-bat\/uttern-d77-bullando-korthyra\/#primaryimage","url":"https:\/\/nautilus.se\/wp-content\/uploads\/2020\/07\/Uttern-D77-running2.jpg","contentUrl":"https:\/\/nautilus.se\/wp-content\/uploads\/2020\/07\/Uttern-D77-running2.jpg","width":1368,"height":912,"caption":"Hyra b\u00e5t eller teckna b\u00e5tabonnemang"},{"@type":"BreadcrumbList","@id":"https:\/\/nautilus.se\/hyra-bat\/uttern-d77-bullando-korthyra\/#breadcrumb","itemListElement":[{"@type":"ListItem","position":1,"name":"Home","item":"https:\/\/nautilus.se\/"},{"@type":"ListItem","position":2,"name":"Hyr b\u00e5t enkelt och tryggt","item":"https:\/\/nautilus.se\/hyra-bat-old\/"},{"@type":"ListItem","position":3,"name":"Uttern D77"}]},{"@type":"WebSite","@id":"https:\/\/nautilus.se\/#website","url":"https:\/\/nautilus.se\/","name":"Nautilus Boat Club","description":"H\u00e4r kan du hyra b\u00e5t, dela b\u00e5t, del\u00e4ga b\u00e5t och vara med i b\u00e5tpool.","publisher":{"@id":"https:\/\/nautilus.se\/#organization"},"potentialAction":[{"@type":"SearchAction","target":{"@type":"EntryPoint","urlTemplate":"https:\/\/nautilus.se\/?s={search_term_string}"},"query-input":{"@type":"PropertyValueSpecification","valueRequired":true,"valueName":"search_term_string"}}],"inLanguage":"en-US"},{"@type":"Organization","@id":"https:\/\/nautilus.se\/#organization","name":"Nautilus Boat Club AB","alternateName":"Nautilus Boat Club","url":"https:\/\/nautilus.se\/","logo":{"@type":"ImageObject","inLanguage":"en-US","@id":"https:\/\/nautilus.se\/#\/schema\/logo\/image\/","url":"https:\/\/nautilus.se\/wp-content\/uploads\/2022\/10\/Nautilus-shell-blue-back-w-logo.png","contentUrl":"https:\/\/nautilus.se\/wp-content\/uploads\/2022\/10\/Nautilus-shell-blue-back-w-logo.png","width":1755,"height":1130,"caption":"Nautilus Boat Club AB"},"image":{"@id":"https:\/\/nautilus.se\/#\/schema\/logo\/image\/"},"sameAs":["https:\/\/www.facebook.com\/nautilusboatclub\/","https:\/\/www.instagram.com\/nautilusboatclub\/","https:\/\/www.linkedin.com\/company\/4998214\/admin\/","https:\/\/www.youtube.com\/channel\/UCrhrs3yv-t72B5igMm2keKQ\/videos?app=desktop"]}]}},"_links":{"self":[{"href":"https:\/\/nautilus.se\/eng\/wp-json\/wp\/v2\/product\/32209","targetHints":{"allow":["GET"]}}],"collection":[{"href":"https:\/\/nautilus.se\/eng\/wp-json\/wp\/v2\/product"}],"about":[{"href":"https:\/\/nautilus.se\/eng\/wp-json\/wp\/v2\/types\/product"}],"version-history":[{"count":3,"href":"https:\/\/nautilus.se\/eng\/wp-json\/wp\/v2\/product\/32209\/revisions"}],"predecessor-version":[{"id":32238,"href":"https:\/\/nautilus.se\/eng\/wp-json\/wp\/v2\/product\/32209\/revisions\/32238"}],"wp:featuredmedia":[{"embeddable":true,"href":"https:\/\/nautilus.se\/eng\/wp-json\/wp\/v2\/media\/1628"}],"wp:attachment":[{"href":"https:\/\/nautilus.se\/eng\/wp-json\/wp\/v2\/media?parent=32209"}],"wp:term":[{"taxonomy":"product_brand","embeddable":true,"href":"https:\/\/nautilus.se\/eng\/wp-json\/wp\/v2\/product_brand?post=32209"},{"taxonomy":"product_cat","embeddable":true,"href":"https:\/\/nautilus.se\/eng\/wp-json\/wp\/v2\/product_cat?post=32209"},{"taxonomy":"product_tag","embeddable":true,"href":"https:\/\/nautilus.se\/eng\/wp-json\/wp\/v2\/product_tag?post=32209"}],"curies":[{"name":"wp","href":"https:\/\/api.w.org\/{rel}","templated":true}]}}